CRAN Package Check Results for Package quickregression

Last updated on 2025-10-03 01:49:57 CEST.

Flavor Version Tinstall Tcheck Ttotal Status Flags
r-devel-linux-x86_64-debian-clang 0.2 1.89 21.75 23.64 OK
r-devel-linux-x86_64-debian-gcc 0.2 1.36 18.23 19.59 OK
r-devel-linux-x86_64-fedora-clang 0.2 33.85 OK
r-devel-linux-x86_64-fedora-gcc 0.2 32.82 OK
r-devel-windows-x86_64 0.2 4.00 41.00 45.00 OK
r-patched-linux-x86_64 0.2 1.45 20.41 21.86 OK
r-release-linux-x86_64 0.2 1.93 20.39 22.32 OK
r-release-macos-arm64 0.2 17.00 OK
r-release-macos-x86_64 0.2 24.00 OK
r-release-windows-x86_64 0.2 4.00 41.00 45.00 OK
r-oldrel-macos-arm64 0.2 16.00 NOTE
r-oldrel-macos-x86_64 0.2 21.00 NOTE
r-oldrel-windows-x86_64 0.2 5.00 44.00 49.00 NOTE

Check Details

Version: 0.2
Check: LazyData
Result: NOTE 'LazyData' is specified without a 'data' directory Flavors: r-oldrel-macos-arm64, r-oldrel-macos-x86_64, r-oldrel-windows-x86_64

These binaries (installable software) and packages are in development.
They may not be fully stable and should be used with caution. We make no claims about them.