Last updated on 2025-05-01 15:49:41 CEST.
Flavor | Version | Tinstall | Tcheck | Ttotal | Status | Flags |
---|---|---|---|---|---|---|
r-devel-linux-x86_64-debian-clang | 1.0.0 | 2.88 | 33.92 | 36.80 | NOTE | |
r-devel-linux-x86_64-debian-gcc | 1.0.0 | 2.02 | 25.73 | 27.75 | NOTE | |
r-devel-linux-x86_64-fedora-clang | 1.0.0 | 56.42 | OK | |||
r-devel-linux-x86_64-fedora-gcc | 1.0.0 | 53.55 | OK | |||
r-devel-windows-x86_64 | 1.0.0 | 4.00 | 53.00 | 57.00 | OK | |
r-patched-linux-x86_64 | 1.0.0 | 2.70 | 32.41 | 35.11 | OK | |
r-release-linux-x86_64 | OK | |||||
r-release-macos-arm64 | 1.0.0 | 23.00 | OK | |||
r-release-macos-x86_64 | 1.0.0 | 36.00 | OK | |||
r-release-windows-x86_64 | 1.0.0 | 4.00 | 58.00 | 62.00 | OK | |
r-oldrel-macos-arm64 | 1.0.0 | 21.00 | NOTE | |||
r-oldrel-macos-x86_64 | 1.0.0 | 30.00 | NOTE | |||
r-oldrel-windows-x86_64 | 1.0.0 | 5.00 | 59.00 | 64.00 | NOTE |
Version: 1.0.0
Check: CRAN incoming feasibility
Result: NOTE
Maintainer: ‘A. Luise Kuehn <luise.kuehn@uni-greifswald.de>’
No Authors@R field in DESCRIPTION.
Please add one, modifying
Authors@R: person(given = c("A.", "Luise"),
family = "Kuehn",
role = c("aut", "cre"),
email = "luise.kuehn@uni-greifswald.de")
as necessary.
Flavors: r-devel-linux-x86_64-debian-clang, r-devel-linux-x86_64-debian-gcc
Version: 1.0.0
Check: examples
Result: NOTE
Examples with CPU (user + system) or elapsed time > 5s
user system elapsed
diagCharNA 6.593 0.25 9.071
Flavor: r-devel-linux-x86_64-debian-clang
Version: 1.0.0
Check: examples
Result: NA
user system elapsed
diagCharNA 4.489 0.177 5.784
OK
Flavor: r-devel-linux-x86_64-debian-gcc
Version: 1.0.0
Check: LazyData
Result: NOTE
'LazyData' is specified without a 'data' directory
Flavors: r-oldrel-macos-arm64, r-oldrel-macos-x86_64, r-oldrel-windows-x86_64
These binaries (installable software) and packages are in development.
They may not be fully stable and should be used with caution. We make no claims about them.