Last updated on 2025-11-22 09:50:02 CET.
| Flavor | Version | Tinstall | Tcheck | Ttotal | Status | Flags |
|---|---|---|---|---|---|---|
| r-devel-linux-x86_64-debian-clang | 1.0.1 | 33.54 | 157.30 | 190.84 | OK | |
| r-devel-linux-x86_64-debian-gcc | 1.0.1 | 24.51 | 117.69 | 142.20 | OK | |
| r-devel-linux-x86_64-fedora-clang | 1.0.1 | 84.00 | 226.75 | 310.75 | OK | |
| r-devel-linux-x86_64-fedora-gcc | 1.0.1 | 156.00 | 171.82 | 327.82 | OK | |
| r-devel-windows-x86_64 | 1.0.1 | 43.00 | 218.00 | 261.00 | OK | |
| r-patched-linux-x86_64 | 1.0.1 | 33.83 | 150.26 | 184.09 | OK | |
| r-release-linux-x86_64 | 1.0.1 | 31.99 | 149.23 | 181.22 | OK | |
| r-release-macos-arm64 | 1.0.1 | OK | ||||
| r-release-macos-x86_64 | 1.0.1 | 33.00 | 216.00 | 249.00 | OK | |
| r-release-windows-x86_64 | 1.0.1 | 42.00 | 182.00 | 224.00 | OK | |
| r-oldrel-macos-arm64 | 1.0.1 | OK | ||||
| r-oldrel-macos-x86_64 | 1.0.1 | 28.00 | 195.00 | 223.00 | NOTE | |
| r-oldrel-windows-x86_64 | 1.0.1 | 44.00 | 216.00 | 260.00 | OK |
Version: 1.0.1
Check: installed package size
Result: NOTE
installed size is 5.5Mb
sub-directories of 1Mb or more:
data 2.1Mb
doc 1.6Mb
libs 1.1Mb
Flavor: r-oldrel-macos-x86_64
These binaries (installable software) and packages are in development.
They may not be fully stable and should be used with caution. We make no claims about them.