Last updated on 2025-02-07 08:51:32 CET.
Flavor | Version | Tinstall | Tcheck | Ttotal | Status | Flags |
---|---|---|---|---|---|---|
r-devel-linux-x86_64-debian-clang | 0.0.3 | 2.66 | 98.39 | 101.05 | NOTE | |
r-devel-linux-x86_64-debian-gcc | 0.0.3 | 2.12 | 71.43 | 73.55 | NOTE | |
r-devel-linux-x86_64-fedora-clang | 0.0.3 | 160.94 | NOTE | |||
r-devel-linux-x86_64-fedora-gcc | 0.0.3 | 164.78 | NOTE | |||
r-devel-windows-x86_64 | 0.0.3 | 5.00 | 115.00 | 120.00 | NOTE | |
r-patched-linux-x86_64 | 0.0.3 | 3.12 | 92.43 | 95.55 | OK | |
r-release-linux-x86_64 | 0.0.3 | 2.77 | 91.91 | 94.68 | OK | |
r-release-macos-arm64 | 0.0.3 | 51.00 | OK | |||
r-release-macos-x86_64 | 0.0.3 | 68.00 | OK | |||
r-release-windows-x86_64 | 0.0.3 | 5.00 | 111.00 | 116.00 | OK | |
r-oldrel-macos-arm64 | 0.0.3 | 70.00 | OK | |||
r-oldrel-macos-x86_64 | 0.0.3 | 80.00 | OK | |||
r-oldrel-windows-x86_64 | 0.0.3 | 6.00 | 128.00 | 134.00 | OK |
Version: 0.0.3
Check: DESCRIPTION meta-information
Result: NOTE
Missing dependency on R >= 4.1.0 because package code uses the pipe
|> or function shorthand \(...) syntax added in R 4.1.0.
File(s) using such syntax:
‘complex_check.R’ ‘create_interactions.R’ ‘estimate_payoffs.R’
‘mse.InteractionClassification.R’
‘summary.InteractionClassification.R’ ‘summary.payoffs.R’
Flavors: r-devel-linux-x86_64-debian-clang, r-devel-linux-x86_64-debian-gcc, r-devel-linux-x86_64-fedora-clang, r-devel-linux-x86_64-fedora-gcc, r-devel-windows-x86_64
These binaries (installable software) and packages are in development.
They may not be fully stable and should be used with caution. We make no claims about them.