CRAN Package Check Results for Package r.blip

Last updated on 2025-05-01 15:49:41 CEST.

Flavor Version Tinstall Tcheck Ttotal Status Flags
r-devel-linux-x86_64-debian-clang 1.1 2.12 45.92 48.04 NOTE
r-devel-linux-x86_64-debian-gcc 1.1 1.60 40.99 42.59 OK
r-devel-linux-x86_64-fedora-clang 1.1 62.52 OK
r-devel-linux-x86_64-fedora-gcc 1.1 61.40 OK
r-devel-windows-x86_64 1.1 3.00 71.00 74.00 OK
r-patched-linux-x86_64 1.1 2.11 44.37 46.48 OK
r-release-linux-x86_64 OK
r-release-macos-arm64 1.1 34.00 OK
r-release-macos-x86_64 1.1 44.00 OK
r-release-windows-x86_64 1.1 4.00 76.00 80.00 OK
r-oldrel-macos-arm64 1.1 34.00 OK
r-oldrel-macos-x86_64 1.1 41.00 OK
r-oldrel-windows-x86_64 1.1 3.00 68.00 71.00 OK

Check Details

Version: 1.1
Check: examples
Result: NOTE Examples with CPU (user + system) or elapsed time > 5s user system elapsed blip.solver.tw 6.033 0.308 3.426 blip.learn.tw 5.798 0.288 4.050 blip.learn 4.908 0.252 4.464 Flavor: r-devel-linux-x86_64-debian-clang

Version: 1.1
Check: examples
Result: NA user system elapsed blip.learn.tw 6.338 0.270 3.952 blip.solver.tw 5.394 0.192 3.387 OK Flavor: r-devel-linux-x86_64-debian-gcc

These binaries (installable software) and packages are in development.
They may not be fully stable and should be used with caution. We make no claims about them.