Last updated on 2025-10-23 23:49:41 CEST.
| Flavor | Version | Tinstall | Tcheck | Ttotal | Status | Flags |
|---|---|---|---|---|---|---|
| r-devel-linux-x86_64-debian-clang | 1.1 | 1.94 | 48.40 | 50.34 | NOTE | |
| r-devel-linux-x86_64-debian-gcc | 1.1 | 1.54 | 41.69 | 43.23 | OK | |
| r-devel-linux-x86_64-fedora-clang | 1.1 | 64.78 | OK | |||
| r-devel-linux-x86_64-fedora-gcc | 1.1 | 60.15 | OK | |||
| r-devel-windows-x86_64 | 1.1 | 3.00 | 66.00 | 69.00 | OK | |
| r-patched-linux-x86_64 | 1.1 | 1.89 | 47.06 | 48.95 | OK | |
| r-release-linux-x86_64 | 1.1 | 1.78 | 45.65 | 47.43 | OK | |
| r-release-macos-arm64 | 1.1 | 1.00 | 33.00 | 34.00 | OK | |
| r-release-macos-x86_64 | 1.1 | 2.00 | 42.00 | 44.00 | OK | |
| r-release-windows-x86_64 | 1.1 | 4.00 | 67.00 | 71.00 | OK | |
| r-oldrel-macos-arm64 | 1.1 | 1.00 | 33.00 | 34.00 | OK | |
| r-oldrel-macos-x86_64 | 1.1 | 2.00 | 39.00 | 41.00 | OK | |
| r-oldrel-windows-x86_64 | 1.1 | 4.00 | 70.00 | 74.00 | OK |
Version: 1.1
Check: HTML version of manual
Result: NOTE
Found the following HTML validation problems:
write.jkl.html:50:1 (write.jkl.Rd:12): Warning: missing </ul> before </div>
Flavor: r-devel-linux-x86_64-debian-clang
These binaries (installable software) and packages are in development.
They may not be fully stable and should be used with caution. We make no claims about them.