CRAN Package Check Results for Package r2dictionary

Last updated on 2025-10-23 15:50:07 CEST.

Flavor Version Tinstall Tcheck Ttotal Status Flags
r-devel-linux-x86_64-debian-clang 0.3 2.81 39.14 41.95 OK
r-devel-linux-x86_64-debian-gcc 0.3 2.54 33.72 36.26 OK
r-devel-linux-x86_64-fedora-clang 0.3 60.87 NOTE
r-devel-linux-x86_64-fedora-gcc 0.3 77.65 NOTE
r-devel-windows-x86_64 0.3 5.00 63.00 68.00 OK
r-patched-linux-x86_64 0.3 2.13 37.60 39.73 OK
r-release-linux-x86_64 0.3 2.82 37.98 40.80 OK
r-release-macos-arm64 0.3 2.00 36.00 38.00 OK
r-release-macos-x86_64 0.3 2.00 65.00 67.00 OK
r-release-windows-x86_64 0.3 5.00 63.00 68.00 OK
r-oldrel-macos-arm64 0.3 1.00 34.00 35.00 NOTE
r-oldrel-macos-x86_64 0.3 5.00 124.00 129.00 NOTE
r-oldrel-windows-x86_64 0.3 6.00 69.00 75.00 NOTE

Check Details

Version: 0.3
Check: dependencies in R code
Result: NOTE Namespace in Imports field not imported from: ‘utils’ All declared Imports should be used. Flavors: r-devel-linux-x86_64-fedora-clang, r-devel-linux-x86_64-fedora-gcc

Version: 0.3
Check: installed package size
Result: NOTE installed size is 5.1Mb Flavors: r-oldrel-macos-arm64, r-oldrel-macos-x86_64, r-oldrel-windows-x86_64

These binaries (installable software) and packages are in development.
They may not be fully stable and should be used with caution. We make no claims about them.