CRAN Package Check Results for Package r2dii.analysis

Last updated on 2025-05-01 12:49:38 CEST.

Flavor Version Tinstall Tcheck Ttotal Status Flags
r-devel-linux-x86_64-debian-clang 0.5.1 5.57 100.89 106.46 NOTE
r-devel-linux-x86_64-debian-gcc 0.5.1 3.64 72.64 76.28 OK
r-devel-linux-x86_64-fedora-clang 0.5.1 161.62 OK
r-devel-linux-x86_64-fedora-gcc 0.5.1 152.29 OK
r-devel-windows-x86_64 0.5.1 7.00 113.00 120.00 OK
r-patched-linux-x86_64 0.5.1 4.67 96.38 101.05 OK
r-release-linux-x86_64 OK
r-release-macos-arm64 0.5.1 51.00 OK
r-release-macos-x86_64 0.5.1 102.00 OK
r-release-windows-x86_64 0.5.1 8.00 117.00 125.00 OK
r-oldrel-macos-arm64 0.5.1 50.00 OK
r-oldrel-macos-x86_64 0.5.1 113.00 OK
r-oldrel-windows-x86_64 0.5.1 8.00 134.00 142.00 OK

Check Details

Version: 0.5.1
Check: examples
Result: NOTE Examples with CPU (user + system) or elapsed time > 5s user system elapsed target_market_share 4.268 0.02 5.025 Flavor: r-devel-linux-x86_64-debian-clang

These binaries (installable software) and packages are in development.
They may not be fully stable and should be used with caution. We make no claims about them.