CRAN Package Check Results for Package r2glmm

Last updated on 2025-02-16 08:50:58 CET.

Flavor Version Tinstall Tcheck Ttotal Status Flags
r-devel-linux-x86_64-debian-clang 0.1.2 2.64 34.72 37.36 NOTE
r-devel-linux-x86_64-debian-gcc 0.1.2 2.13 26.35 28.48 NOTE
r-devel-linux-x86_64-fedora-clang 0.1.2 60.93 NOTE
r-devel-linux-x86_64-fedora-gcc 0.1.2 57.27 NOTE
r-devel-macos-arm64 0.1.2 24.00 OK
r-devel-macos-x86_64 0.1.2 34.00 OK
r-devel-windows-x86_64 0.1.2 5.00 57.00 62.00 NOTE
r-patched-linux-x86_64 0.1.2 10.20 32.46 42.66 NOTE
r-release-linux-x86_64 0.1.2 2.79 32.25 35.04 NOTE
r-release-macos-arm64 0.1.2 24.00 NOTE
r-release-macos-x86_64 0.1.2 30.00 NOTE
r-release-windows-x86_64 0.1.2 5.00 58.00 63.00 NOTE
r-oldrel-macos-arm64 0.1.2 23.00 NOTE
r-oldrel-macos-x86_64 0.1.2 33.00 NOTE
r-oldrel-windows-x86_64 0.1.2 5.00 94.00 99.00 NOTE

Check Details

Version: 0.1.2
Check: Rd cross-references
Result: NOTE Found the following Rd file(s) with Rd \link{} targets missing package anchors: pqlmer.Rd: glmmPQL r2beta.Rd: lmer, lme, glmmPQL Please provide package anchors for all Rd \link{} targets not in the package itself and the base packages. Flavors: r-devel-linux-x86_64-debian-clang, r-devel-linux-x86_64-debian-gcc, r-devel-windows-x86_64

Version: 0.1.2
Check: dependencies in R code
Result: NOTE Namespaces in Imports field not imported from: ‘data.table’ ‘dplyr’ ‘lmerTest’ All declared Imports should be used. Flavors: r-devel-linux-x86_64-fedora-clang, r-devel-linux-x86_64-fedora-gcc

Version: 0.1.2
Check: LazyData
Result: NOTE 'LazyData' is specified without a 'data' directory Flavors: r-patched-linux-x86_64, r-release-linux-x86_64, r-release-macos-arm64, r-release-macos-x86_64, r-release-windows-x86_64, r-oldrel-macos-arm64, r-oldrel-macos-x86_64, r-oldrel-windows-x86_64

These binaries (installable software) and packages are in development.
They may not be fully stable and should be used with caution. We make no claims about them.