Last updated on 2025-02-19 17:51:01 CET.
Flavor | Version | Tinstall | Tcheck | Ttotal | Status | Flags |
---|---|---|---|---|---|---|
r-devel-linux-x86_64-debian-clang | 0.3.7 | 11.32 | 90.67 | 101.99 | OK | |
r-devel-linux-x86_64-debian-gcc | 0.3.7 | 7.59 | 65.25 | 72.84 | OK | |
r-devel-linux-x86_64-fedora-clang | 0.3.7 | 160.86 | OK | |||
r-devel-linux-x86_64-fedora-gcc | 0.3.7 | 155.63 | OK | |||
r-devel-macos-arm64 | 0.3.7 | 46.00 | OK | |||
r-devel-macos-x86_64 | 0.3.7 | 95.00 | OK | |||
r-devel-windows-x86_64 | 0.3.7 | 11.00 | 105.00 | 116.00 | OK | |
r-patched-linux-x86_64 | 0.3.7 | 9.81 | 86.53 | 96.34 | NOTE | |
r-release-linux-x86_64 | 0.3.7 | 10.67 | 85.76 | 96.43 | NOTE | |
r-release-macos-arm64 | 0.3.7 | 47.00 | NOTE | |||
r-release-macos-x86_64 | 0.3.7 | 92.00 | NOTE | |||
r-release-windows-x86_64 | 0.3.7 | 12.00 | 97.00 | 109.00 | NOTE | |
r-oldrel-macos-arm64 | 0.3.7 | 51.00 | NOTE | |||
r-oldrel-macos-x86_64 | 0.3.7 | 108.00 | NOTE | |||
r-oldrel-windows-x86_64 | 0.3.7 | 16.00 | 116.00 | 132.00 | NOTE |
Version: 0.3.7
Check: package dependencies
Result: NOTE
Package suggested but not available for checking: ‘bootmlm’
Flavors: r-patched-linux-x86_64, r-release-linux-x86_64, r-release-macos-arm64, r-release-macos-x86_64, r-release-windows-x86_64, r-oldrel-macos-arm64, r-oldrel-macos-x86_64, r-oldrel-windows-x86_64
These binaries (installable software) and packages are in development.
They may not be fully stable and should be used with caution. We make no claims about them.