Last updated on 2025-10-23 21:51:38 CEST.
Flavor | Version | Tinstall | Tcheck | Ttotal | Status | Flags |
---|---|---|---|---|---|---|
r-devel-linux-x86_64-debian-clang | 7.2.1-3 | 53.13 | 115.50 | 168.63 | OK | |
r-devel-linux-x86_64-debian-gcc | 7.2.1-3 | 38.72 | 69.08 | 107.80 | OK | |
r-devel-linux-x86_64-fedora-clang | 7.2.1-3 | 128.00 | 174.50 | 302.50 | OK | |
r-devel-linux-x86_64-fedora-gcc | 7.2.1-3 | 183.00 | 104.37 | 287.37 | OK | |
r-devel-windows-x86_64 | 7.2.1-3 | 72.00 | 162.00 | 234.00 | OK | |
r-patched-linux-x86_64 | 7.2.1-3 | 55.63 | 105.55 | 161.18 | OK | |
r-release-linux-x86_64 | 7.2.1-3 | 55.98 | 106.21 | 162.19 | OK | |
r-release-macos-arm64 | 7.2.1-3 | 21.00 | 65.00 | 86.00 | OK | |
r-release-macos-x86_64 | 7.2.1-3 | 45.00 | 265.00 | 310.00 | OK | |
r-release-windows-x86_64 | 7.2.1-3 | 75.00 | 158.00 | 233.00 | OK | |
r-oldrel-macos-arm64 | 7.2.1-3 | 22.00 | 66.00 | 88.00 | NOTE | |
r-oldrel-macos-x86_64 | 7.2.1-3 | 38.00 | 170.00 | 208.00 | NOTE | |
r-oldrel-windows-x86_64 | 7.2.1-3 | 86.00 | 195.00 | 281.00 | OK |
Version: 7.2.1-3
Check: installed package size
Result: NOTE
installed size is 5.8Mb
sub-directories of 1Mb or more:
libs 4.8Mb
Flavors: r-oldrel-macos-arm64, r-oldrel-macos-x86_64
These binaries (installable software) and packages are in development.
They may not be fully stable and should be used with caution. We make no claims about them.