Last updated on 2025-02-16 08:50:58 CET.
Flavor | Version | Tinstall | Tcheck | Ttotal | Status | Flags |
---|---|---|---|---|---|---|
r-devel-linux-x86_64-debian-clang | 0.1.2 | 4.58 | 62.91 | 67.49 | OK | |
r-devel-linux-x86_64-debian-gcc | 0.1.2 | 3.78 | 49.23 | 53.01 | OK | |
r-devel-linux-x86_64-fedora-clang | 0.1.2 | 104.80 | OK | |||
r-devel-linux-x86_64-fedora-gcc | 0.1.2 | 114.67 | OK | |||
r-devel-macos-arm64 | 0.1.2 | 55.00 | OK | |||
r-devel-macos-x86_64 | 0.1.2 | 111.00 | OK | |||
r-devel-windows-x86_64 | 0.1.2 | 10.00 | 105.00 | 115.00 | OK | |
r-patched-linux-x86_64 | 0.1.2 | 5.64 | 59.75 | 65.39 | OK | |
r-release-linux-x86_64 | 0.1.2 | 4.50 | 59.48 | 63.98 | OK | |
r-release-macos-arm64 | 0.1.2 | 53.00 | NOTE | |||
r-release-macos-x86_64 | 0.1.2 | 79.00 | NOTE | |||
r-release-windows-x86_64 | 0.1.2 | 10.00 | 118.00 | 128.00 | NOTE | |
r-oldrel-macos-arm64 | 0.1.2 | 56.00 | NOTE | |||
r-oldrel-macos-x86_64 | 0.1.2 | 75.00 | NOTE | |||
r-oldrel-windows-x86_64 | 0.1.2 | 12.00 | 114.00 | 126.00 | NOTE |
Version: 0.1.2
Check: installed package size
Result: NOTE
installed size is 11.5Mb
sub-directories of 1Mb or more:
doc 9.9Mb
Flavors: r-release-macos-arm64, r-release-macos-x86_64, r-release-windows-x86_64, r-oldrel-macos-arm64, r-oldrel-macos-x86_64, r-oldrel-windows-x86_64
These binaries (installable software) and packages are in development.
They may not be fully stable and should be used with caution. We make no claims about them.