Last updated on 2024-07-27 15:50:30 CEST.
Flavor | Version | Tinstall | Tcheck | Ttotal | Status | Flags |
---|---|---|---|---|---|---|
r-devel-linux-x86_64-debian-clang | 0.0.2 | 4.74 | 178.68 | 183.42 | OK | |
r-devel-linux-x86_64-debian-gcc | 0.0.2 | OK | ||||
r-devel-linux-x86_64-fedora-clang | 0.0.2 | 221.81 | NOTE | |||
r-devel-linux-x86_64-fedora-gcc | 0.0.2 | 239.33 | OK | |||
r-devel-windows-x86_64 | 0.0.2 | 8.00 | 139.00 | 147.00 | NOTE | |
r-patched-linux-x86_64 | 0.0.2 | OK | ||||
r-release-linux-x86_64 | 0.0.2 | 5.19 | 168.40 | 173.59 | OK | |
r-release-macos-arm64 | 0.0.2 | 67.00 | NOTE | |||
r-release-macos-x86_64 | 0.0.2 | 131.00 | NOTE | |||
r-release-windows-x86_64 | 0.0.2 | 6.00 | 138.00 | 144.00 | NOTE | |
r-oldrel-macos-arm64 | 0.0.2 | 72.00 | NOTE | |||
r-oldrel-macos-x86_64 | 0.0.2 | 115.00 | NOTE | |||
r-oldrel-windows-x86_64 | 0.0.2 | 8.00 | 168.00 | 176.00 | NOTE |
Version: 0.0.2
Check: installed package size
Result: NOTE
installed size is 7.4Mb
sub-directories of 1Mb or more:
doc 5.3Mb
htmlwidgets 1.8Mb
Flavors: r-devel-linux-x86_64-fedora-clang, r-devel-windows-x86_64, r-release-macos-arm64, r-release-macos-x86_64, r-release-windows-x86_64, r-oldrel-macos-arm64, r-oldrel-macos-x86_64, r-oldrel-windows-x86_64
These binaries (installable software) and packages are in development.
They may not be fully stable and should be used with caution. We make no claims about them.