CRAN Package Check Results for Package r5r

Last updated on 2025-10-23 11:50:24 CEST.

Flavor Version Tinstall Tcheck Ttotal Status Flags
r-devel-linux-x86_64-debian-clang 2.3.0 6.76 104.95 111.71 NOTE
r-devel-linux-x86_64-debian-gcc 2.3.0 4.87 78.92 83.79 OK
r-devel-linux-x86_64-fedora-clang 2.3.0 15.00 155.23 170.23 OK
r-devel-linux-x86_64-fedora-gcc 2.3.0 26.00 159.56 185.56 OK
r-devel-windows-x86_64 2.3.0 11.00 118.00 129.00 OK
r-patched-linux-x86_64 2.3.0 9.36 100.43 109.79 OK
r-release-linux-x86_64 2.3.0 6.35 100.38 106.73 OK
r-release-macos-arm64 2.3.0 3.00 51.00 54.00 OK
r-release-macos-x86_64 2.3.0 7.00 104.00 111.00 OK
r-release-windows-x86_64 2.3.0 10.00 119.00 129.00 OK
r-oldrel-macos-arm64 2.3.0 3.00 62.00 65.00 NOTE
r-oldrel-macos-x86_64 2.3.0 6.00 111.00 117.00 NOTE
r-oldrel-windows-x86_64 2.3.0 12.00 133.00 145.00 NOTE

Check Details

Version: 2.3.0
Check: HTML version of manual
Result: NOTE Found the following HTML validation problems: expand_od_pairs.html:55:1 (expand_od_pairs.Rd:14): Warning: missing </ul> before </div> Flavor: r-devel-linux-x86_64-debian-clang

Version: 2.3.0
Check: installed package size
Result: NOTE installed size is 6.6Mb sub-directories of 1Mb or more: doc 2.1Mb extdata 3.9Mb Flavors: r-oldrel-macos-arm64, r-oldrel-macos-x86_64, r-oldrel-windows-x86_64

These binaries (installable software) and packages are in development.
They may not be fully stable and should be used with caution. We make no claims about them.