Last updated on 2025-02-19 17:51:01 CET.
Flavor | Version | Tinstall | Tcheck | Ttotal | Status | Flags |
---|---|---|---|---|---|---|
r-devel-linux-x86_64-debian-clang | 0.1.2 | 2.39 | 18.21 | 20.60 | NOTE | |
r-devel-linux-x86_64-debian-gcc | 0.1.2 | 1.82 | 15.51 | 17.33 | NOTE | |
r-devel-linux-x86_64-fedora-clang | 0.1.2 | 32.48 | OK | |||
r-devel-linux-x86_64-fedora-gcc | 0.1.2 | 31.37 | OK | |||
r-devel-macos-arm64 | 0.1.2 | 16.00 | OK | |||
r-devel-macos-x86_64 | 0.1.2 | 24.00 | OK | |||
r-devel-windows-x86_64 | 0.1.2 | 4.00 | 41.00 | 45.00 | NOTE | |
r-patched-linux-x86_64 | 0.1.2 | 4.20 | 17.47 | 21.67 | NOTE | |
r-release-linux-x86_64 | 0.1.2 | 2.39 | 17.35 | 19.74 | NOTE | |
r-release-macos-arm64 | 0.1.2 | 16.00 | NOTE | |||
r-release-macos-x86_64 | 0.1.2 | 25.00 | NOTE | |||
r-release-windows-x86_64 | 0.1.2 | 4.00 | 41.00 | 45.00 | NOTE | |
r-oldrel-macos-arm64 | 0.1.2 | 17.00 | NOTE | |||
r-oldrel-macos-x86_64 | 0.1.2 | 22.00 | NOTE | |||
r-oldrel-windows-x86_64 | 0.1.2 | 4.00 | 74.00 | 78.00 | NOTE |
Version: 0.1.2
Check: Rd cross-references
Result: NOTE
Found the following Rd file(s) with Rd \link{} targets missing package
anchors:
r6extended.Rd: R6Class
Please provide package anchors for all Rd \link{} targets not in the
package itself and the base packages.
Flavors: r-devel-linux-x86_64-debian-clang, r-devel-linux-x86_64-debian-gcc, r-devel-windows-x86_64
Version: 0.1.2
Check: LazyData
Result: NOTE
'LazyData' is specified without a 'data' directory
Flavors: r-patched-linux-x86_64, r-release-linux-x86_64, r-release-macos-arm64, r-release-macos-x86_64, r-release-windows-x86_64, r-oldrel-macos-arm64, r-oldrel-macos-x86_64, r-oldrel-windows-x86_64
These binaries (installable software) and packages are in development.
They may not be fully stable and should be used with caution. We make no claims about them.