Last updated on 2025-10-23 11:50:24 CEST.
Flavor | Version | Tinstall | Tcheck | Ttotal | Status | Flags |
---|---|---|---|---|---|---|
r-devel-linux-x86_64-debian-clang | 0.1.0 | 5.30 | 47.32 | 52.62 | NOTE | |
r-devel-linux-x86_64-debian-gcc | 0.1.0 | 3.99 | 34.81 | 38.80 | NOTE | |
r-devel-linux-x86_64-fedora-clang | 0.1.0 | 13.00 | 64.06 | 77.06 | NOTE | |
r-devel-linux-x86_64-fedora-gcc | 0.1.0 | 24.00 | 53.98 | 77.98 | NOTE | |
r-devel-windows-x86_64 | 0.1.0 | 8.00 | 60.00 | 68.00 | NOTE | |
r-patched-linux-x86_64 | 0.1.0 | 5.32 | 42.83 | 48.15 | NOTE | |
r-release-linux-x86_64 | 0.1.0 | 4.92 | 42.68 | 47.60 | NOTE | |
r-release-macos-arm64 | 0.1.0 | 3.00 | 24.00 | 27.00 | NOTE | |
r-release-macos-x86_64 | 0.1.0 | 4.00 | 44.00 | 48.00 | NOTE | |
r-release-windows-x86_64 | 0.1.0 | 9.00 | 61.00 | 70.00 | NOTE | |
r-oldrel-macos-arm64 | 0.1.0 | 3.00 | 24.00 | 27.00 | NOTE | |
r-oldrel-macos-x86_64 | 0.1.0 | 4.00 | 35.00 | 39.00 | NOTE | |
r-oldrel-windows-x86_64 | 0.1.0 | 8.00 | 71.00 | 79.00 | NOTE |
Version: 0.1.0
Check: Rd files
Result: NOTE
checkRd: (-1) extract_class.Rd:18: Lost braces in \itemize; \value handles \item{}{} directly
checkRd: (-1) extract_class.Rd:19: Lost braces in \itemize; \value handles \item{}{} directly
checkRd: (-1) extract_class.Rd:20: Lost braces in \itemize; \value handles \item{}{} directly
Flavors: r-devel-linux-x86_64-debian-clang, r-devel-linux-x86_64-debian-gcc, r-devel-linux-x86_64-fedora-clang, r-devel-linux-x86_64-fedora-gcc, r-devel-windows-x86_64, r-patched-linux-x86_64, r-release-linux-x86_64, r-release-macos-arm64, r-release-macos-x86_64, r-release-windows-x86_64, r-oldrel-macos-arm64, r-oldrel-macos-x86_64, r-oldrel-windows-x86_64
Version: 0.1.0
Check: LazyData
Result: NOTE
'LazyData' is specified without a 'data' directory
Flavors: r-oldrel-macos-arm64, r-oldrel-macos-x86_64, r-oldrel-windows-x86_64
These binaries (installable software) and packages are in development.
They may not be fully stable and should be used with caution. We make no claims about them.