Last updated on 2025-05-01 14:49:19 CEST.
Flavor | Version | Tinstall | Tcheck | Ttotal | Status | Flags |
---|---|---|---|---|---|---|
r-devel-linux-x86_64-debian-clang | 1.6.0 | 9.61 | 65.79 | 75.40 | OK | |
r-devel-linux-x86_64-debian-gcc | 1.6.0 | 6.90 | 47.11 | 54.01 | OK | |
r-devel-linux-x86_64-fedora-clang | 1.6.0 | 117.64 | OK | |||
r-devel-linux-x86_64-fedora-gcc | 1.6.0 | 112.00 | OK | |||
r-devel-windows-x86_64 | 1.6.0 | 14.00 | 91.00 | 105.00 | OK | |
r-patched-linux-x86_64 | 1.6.0 | 12.18 | 62.29 | 74.47 | OK | |
r-release-linux-x86_64 | OK | |||||
r-release-macos-arm64 | 1.6.0 | 35.00 | OK | |||
r-release-macos-x86_64 | 1.6.0 | 66.00 | OK | |||
r-release-windows-x86_64 | 1.6.0 | 13.00 | 95.00 | 108.00 | OK | |
r-oldrel-macos-arm64 | 1.6.0 | 35.00 | NOTE | |||
r-oldrel-macos-x86_64 | 1.6.0 | 55.00 | NOTE | |||
r-oldrel-windows-x86_64 | 1.6.0 | 17.00 | 102.00 | 119.00 | NOTE |
Version: 1.6.0
Check: installed package size
Result: NOTE
installed size is 11.4Mb
sub-directories of 1Mb or more:
htmlwidgets 10.0Mb
super-tiny-icons 1.0Mb
Flavors: r-oldrel-macos-arm64, r-oldrel-macos-x86_64, r-oldrel-windows-x86_64
These binaries (installable software) and packages are in development.
They may not be fully stable and should be used with caution. We make no claims about them.