Last updated on 2024-07-27 15:50:31 CEST.
Flavor | Version | Tinstall | Tcheck | Ttotal | Status | Flags |
---|---|---|---|---|---|---|
r-devel-linux-x86_64-debian-clang | 1.0.68 | 6.24 | 38.59 | 44.83 | OK | |
r-devel-linux-x86_64-debian-gcc | 1.0.68 | OK | ||||
r-devel-linux-x86_64-fedora-clang | 1.0.68 | 55.15 | OK | |||
r-devel-linux-x86_64-fedora-gcc | 1.0.68 | 51.45 | OK | |||
r-devel-windows-x86_64 | 1.0.68 | 6.00 | 51.00 | 57.00 | OK | |
r-patched-linux-x86_64 | 1.0.68 | OK | ||||
r-release-linux-x86_64 | 1.0.68 | 4.63 | 37.43 | 42.06 | OK | |
r-release-macos-arm64 | 1.0.68 | 19.00 | OK | |||
r-release-macos-x86_64 | 1.0.68 | 43.00 | OK | |||
r-release-windows-x86_64 | 1.0.68 | 6.00 | 51.00 | 57.00 | OK | |
r-oldrel-macos-arm64 | 1.0.68 | 20.00 | OK | |||
r-oldrel-macos-x86_64 | 1.0.68 | 28.00 | NOTE | |||
r-oldrel-windows-x86_64 | 1.0.68 | 7.00 | 55.00 | 62.00 | OK |
Version: 1.0.68
Check: package dependencies
Result: NOTE
Package suggested but not available for checking: ‘evolMap’
Flavor: r-oldrel-macos-x86_64
Version: 1.0.68
Check: dependencies in R code
Result: NOTE
Unavailable namespace imported from by a ':::' call: ‘evolMap’
See the note in ?`:::` about the use of this operator.
Flavor: r-oldrel-macos-x86_64
These binaries (installable software) and packages are in development.
They may not be fully stable and should be used with caution. We make no claims about them.