CRAN Package Check Results for Package rDecode

Last updated on 2025-05-24 21:50:54 CEST.

Flavor Version Tinstall Tcheck Ttotal Status Flags
r-devel-linux-x86_64-debian-clang 0.1.0 2.69 21.20 23.89 NOTE
r-devel-linux-x86_64-debian-gcc 0.1.0 2.40 16.70 19.10 NOTE
r-devel-linux-x86_64-fedora-clang 0.1.0 36.49 OK
r-devel-linux-x86_64-fedora-gcc 0.1.0 36.18 OK
r-devel-windows-x86_64 0.1.0 4.00 48.00 52.00 OK
r-patched-linux-x86_64 0.1.0 2.68 20.21 22.89 OK
r-release-linux-x86_64 0.1.0 2.43 20.42 22.85 OK
r-release-macos-arm64 0.1.0 17.00 OK
r-release-macos-x86_64 0.1.0 24.00 OK
r-release-windows-x86_64 0.1.0 4.00 47.00 51.00 OK
r-oldrel-macos-arm64 0.1.0 14.00 OK
r-oldrel-macos-x86_64 0.1.0 20.00 OK
r-oldrel-windows-x86_64 0.1.0 4.00 41.00 45.00 OK

Check Details

Version: 0.1.0
Check: CRAN incoming feasibility
Result: NOTE Maintainer: ‘Chi Seng Pun <cspun@ntu.edu.sg>’ No Authors@R field in DESCRIPTION. Please add one, modifying Authors@R: c(person(given = c("Chi", "Seng"), family = "Pun", role = c("aut", "cre"), email = "cspun@ntu.edu.sg"), person(given = c("Matthew", "Zakharia"), family = "Hadimaja", role = "aut")) as necessary. Flavors: r-devel-linux-x86_64-debian-clang, r-devel-linux-x86_64-debian-gcc

These binaries (installable software) and packages are in development.
They may not be fully stable and should be used with caution. We make no claims about them.