Last updated on 2025-11-13 21:50:07 CET.
| Flavor | Version | Tinstall | Tcheck | Ttotal | Status | Flags |
|---|---|---|---|---|---|---|
| r-devel-linux-x86_64-debian-clang | 0.9.6 | 6.75 | 56.93 | 63.68 | OK | |
| r-devel-linux-x86_64-debian-gcc | 0.9.6 | 4.47 | 39.74 | 44.21 | OK | |
| r-devel-linux-x86_64-fedora-clang | 0.9.6 | 16.00 | 77.96 | 93.96 | OK | |
| r-devel-linux-x86_64-fedora-gcc | 0.9.6 | 18.00 | 71.84 | 89.84 | OK | |
| r-devel-windows-x86_64 | 0.9.6 | 7.00 | 68.00 | 75.00 | OK | |
| r-patched-linux-x86_64 | 0.9.6 | 6.32 | 51.68 | 58.00 | OK | |
| r-release-linux-x86_64 | 0.9.6 | 4.84 | 51.52 | 56.36 | OK | |
| r-release-macos-arm64 | 0.9.6 | 3.00 | 26.00 | 29.00 | OK | |
| r-release-macos-x86_64 | 0.9.6 | 6.00 | 49.00 | 55.00 | OK | |
| r-release-windows-x86_64 | 0.9.6 | 8.00 | 65.00 | 73.00 | OK | |
| r-oldrel-macos-arm64 | 0.9.6 | 2.00 | 25.00 | 27.00 | NOTE | |
| r-oldrel-macos-x86_64 | 0.9.6 | 5.00 | 38.00 | 43.00 | NOTE | |
| r-oldrel-windows-x86_64 | 0.9.6 | 12.00 | 83.00 | 95.00 | NOTE |
Version: 0.9.6
Check: LazyData
Result: NOTE
'LazyData' is specified without a 'data' directory
Flavors: r-oldrel-macos-arm64, r-oldrel-macos-x86_64, r-oldrel-windows-x86_64
These binaries (installable software) and packages are in development.
They may not be fully stable and should be used with caution. We make no claims about them.