CRAN Package Check Results for Package rFSA

Last updated on 2025-02-16 08:50:59 CET.

Flavor Version Tinstall Tcheck Ttotal Status Flags
r-devel-linux-x86_64-debian-clang 0.9.6 6.14 53.37 59.51 OK
r-devel-linux-x86_64-debian-gcc 0.9.6 4.19 37.13 41.32 OK
r-devel-linux-x86_64-fedora-clang 0.9.6 95.23 OK
r-devel-linux-x86_64-fedora-gcc 0.9.6 87.49 OK
r-devel-macos-arm64 0.9.6 29.00 OK
r-devel-macos-x86_64 0.9.6 55.00 OK
r-devel-windows-x86_64 0.9.6 8.00 68.00 76.00 OK
r-patched-linux-x86_64 0.9.6 5.81 48.82 54.63 NOTE
r-release-linux-x86_64 0.9.6 5.72 49.47 55.19 NOTE
r-release-macos-arm64 0.9.6 27.00 NOTE
r-release-macos-x86_64 0.9.6 43.00 NOTE
r-release-windows-x86_64 0.9.6 9.00 71.00 80.00 NOTE
r-oldrel-macos-arm64 0.9.6 30.00 NOTE
r-oldrel-macos-x86_64 0.9.6 47.00 NOTE
r-oldrel-windows-x86_64 0.9.6 10.00 74.00 84.00 NOTE

Check Details

Version: 0.9.6
Check: LazyData
Result: NOTE 'LazyData' is specified without a 'data' directory Flavors: r-patched-linux-x86_64, r-release-linux-x86_64, r-release-macos-arm64, r-release-macos-x86_64, r-release-windows-x86_64, r-oldrel-macos-arm64, r-oldrel-macos-x86_64, r-oldrel-windows-x86_64

These binaries (installable software) and packages are in development.
They may not be fully stable and should be used with caution. We make no claims about them.