CRAN Package Check Results for Package rFUSION

Last updated on 2025-05-01 15:49:42 CEST.

Flavor Version Tinstall Tcheck Ttotal Status Flags
r-devel-windows-x86_64 0.1 6.00 56.00 62.00 OK
r-release-windows-x86_64 0.1 6.00 60.00 66.00 OK
r-oldrel-windows-x86_64 0.1 7.00 60.00 67.00 NOTE

Check Details

Version: 0.1
Check: LazyData
Result: NOTE 'LazyData' is specified without a 'data' directory Flavor: r-oldrel-windows-x86_64

These binaries (installable software) and packages are in development.
They may not be fully stable and should be used with caution. We make no claims about them.