Last updated on 2025-10-23 17:50:59 CEST.
| Flavor | Version | Tinstall | Tcheck | Ttotal | Status | Flags |
|---|---|---|---|---|---|---|
| r-devel-linux-x86_64-debian-clang | 5.0.0 | 3.36 | 21.83 | 25.19 | NOTE | |
| r-devel-linux-x86_64-debian-gcc | 5.0.0 | 2.87 | 17.51 | 20.38 | NOTE | |
| r-devel-linux-x86_64-fedora-clang | 5.0.0 | 36.78 | OK | |||
| r-devel-linux-x86_64-fedora-gcc | 5.0.0 | 12.00 | 24.39 | 36.39 | OK | |
| r-devel-windows-x86_64 | 5.0.0 | 6.00 | 44.00 | 50.00 | OK | |
| r-patched-linux-x86_64 | 5.0.0 | 3.51 | 20.33 | 23.84 | OK | |
| r-release-linux-x86_64 | 5.0.0 | 3.01 | 20.32 | 23.33 | OK | |
| r-release-macos-arm64 | 5.0.0 | 3.00 | 16.00 | 19.00 | OK | |
| r-release-macos-x86_64 | 5.0.0 | 5.00 | 22.00 | 27.00 | OK | |
| r-release-windows-x86_64 | 5.0.0 | 7.00 | 46.00 | 53.00 | OK | |
| r-oldrel-macos-arm64 | 5.0.0 | 3.00 | 13.00 | 16.00 | OK | |
| r-oldrel-macos-x86_64 | 5.0.0 | 4.00 | 21.00 | 25.00 | OK | |
| r-oldrel-windows-x86_64 | 5.0.0 | 7.00 | 51.00 | 58.00 | OK |
Version: 5.0.0
Check: CRAN incoming feasibility
Result: NOTE
Maintainer: ‘Miron Bartosz Kursa <M.Kursa@icm.edu.pl>’
Package CITATION file contains call(s) to old-style personList() or
as.personList(). Please use c() on person objects instead.
Package CITATION file contains call(s) to old-style citEntry(). Please
use bibentry() instead.
Flavors: r-devel-linux-x86_64-debian-clang, r-devel-linux-x86_64-debian-gcc
These binaries (installable software) and packages are in development.
They may not be fully stable and should be used with caution. We make no claims about them.