Last updated on 2025-02-02 22:50:04 CET.
Flavor | Version | Tinstall | Tcheck | Ttotal | Status | Flags |
---|---|---|---|---|---|---|
r-devel-linux-x86_64-debian-clang | 0.1.0 | 1.74 | 37.81 | 39.55 | NOTE | |
r-devel-linux-x86_64-debian-gcc | 0.1.0 | 1.34 | 27.45 | 28.79 | NOTE | |
r-devel-linux-x86_64-fedora-clang | 0.1.0 | 64.91 | NOTE | |||
r-devel-linux-x86_64-fedora-gcc | 0.1.0 | 75.08 | NOTE | |||
r-devel-windows-x86_64 | 0.1.0 | 4.00 | 53.00 | 57.00 | NOTE | |
r-patched-linux-x86_64 | 0.1.0 | 1.64 | 34.86 | 36.50 | NOTE | |
r-release-linux-x86_64 | 0.1.0 | 1.28 | 34.57 | 35.85 | NOTE | |
r-release-macos-arm64 | 0.1.0 | 26.00 | NOTE | |||
r-release-macos-x86_64 | 0.1.0 | 41.00 | NOTE | |||
r-release-windows-x86_64 | 0.1.0 | 3.00 | 56.00 | 59.00 | NOTE | |
r-oldrel-macos-arm64 | 0.1.0 | 25.00 | OK | |||
r-oldrel-macos-x86_64 | 0.1.0 | 39.00 | OK | |||
r-oldrel-windows-x86_64 | 0.1.0 | 3.00 | 62.00 | 65.00 | OK |
Version: 0.1.0
Check: Rd files
Result: NOTE
checkRd: (-1) Ghana_2021_school_attendance.Rd:75: Lost braces in \itemize; meant \describe ?
checkRd: (-1) Ghana_2021_school_attendance_geometry.Rd:75: Lost braces in \itemize; meant \describe ?
Flavors: r-devel-linux-x86_64-debian-clang, r-devel-linux-x86_64-debian-gcc, r-devel-linux-x86_64-fedora-clang, r-devel-linux-x86_64-fedora-gcc, r-devel-windows-x86_64, r-patched-linux-x86_64, r-release-linux-x86_64, r-release-macos-arm64, r-release-macos-x86_64, r-release-windows-x86_64
These binaries (installable software) and packages are in development.
They may not be fully stable and should be used with caution. We make no claims about them.