CRAN Package Check Results for Package rGroovy

Last updated on 2025-07-01 11:49:28 CEST.

Flavor Version Tinstall Tcheck Ttotal Status Flags
r-devel-linux-x86_64-debian-clang 1.3 3.15 32.34 35.49 NOTE
r-devel-linux-x86_64-debian-gcc 1.3 2.19 25.35 27.54 NOTE
r-devel-linux-x86_64-fedora-clang 1.3 55.21 OK
r-devel-linux-x86_64-fedora-gcc 1.3 52.46 OK
r-devel-windows-x86_64 1.3 4.00 50.00 54.00 OK
r-patched-linux-x86_64 OK
r-release-linux-x86_64 1.3 2.71 30.66 33.37 OK
r-release-macos-arm64 1.3 21.00 OK
r-release-macos-x86_64 1.3 36.00 OK
r-release-windows-x86_64 1.3 4.00 53.00 57.00 OK
r-oldrel-macos-arm64 1.3 19.00 OK
r-oldrel-macos-x86_64 1.3 29.00 OK
r-oldrel-windows-x86_64 1.3 4.00 58.00 62.00 OK

Check Details

Version: 1.3
Check: CRAN incoming feasibility
Result: NOTE Maintainer: ‘Thomas P. Fuller <thomas.fuller@coherentlogic.com>’ No Authors@R field in DESCRIPTION. Please add one, modifying Authors@R: person(given = c("Thomas", "P."), family = "Fuller", role = c("aut", "cre"), email = "thomas.fuller@coherentlogic.com") as necessary. Flavors: r-devel-linux-x86_64-debian-clang, r-devel-linux-x86_64-debian-gcc

These binaries (installable software) and packages are in development.
They may not be fully stable and should be used with caution. We make no claims about them.