Last updated on 2025-05-25 19:49:44 CEST.
Flavor | Version | Tinstall | Tcheck | Ttotal | Status | Flags |
---|---|---|---|---|---|---|
r-devel-linux-x86_64-debian-clang | 1.0.0 | 18.23 | 85.07 | 103.30 | OK | |
r-devel-linux-x86_64-debian-gcc | 1.0.0 | 12.19 | 59.47 | 71.66 | OK | |
r-devel-linux-x86_64-fedora-clang | 1.0.0 | 161.74 | OK | |||
r-devel-linux-x86_64-fedora-gcc | 1.0.0 | 177.10 | OK | |||
r-devel-windows-x86_64 | 1.0.0 | 29.00 | 177.00 | 206.00 | OK | |
r-patched-linux-x86_64 | 1.0.0 | 15.89 | 78.06 | 93.95 | OK | |
r-release-linux-x86_64 | 1.0.0 | 15.40 | 78.36 | 93.76 | OK | |
r-release-macos-arm64 | 1.0.0 | 52.00 | OK | |||
r-release-macos-x86_64 | 1.0.0 | 106.00 | OK | |||
r-release-windows-x86_64 | 1.0.0 | 25.00 | 122.00 | 147.00 | OK | |
r-oldrel-macos-arm64 | 1.0.0 | 57.00 | NOTE | |||
r-oldrel-macos-x86_64 | 1.0.0 | 110.00 | NOTE | |||
r-oldrel-windows-x86_64 | 1.0.0 | 27.00 | 151.00 | 178.00 | NOTE |
Version: 1.0.0
Check: installed package size
Result: NOTE
installed size is 7.3Mb
sub-directories of 1Mb or more:
extdata 5.9Mb
libs 1.0Mb
Flavors: r-oldrel-macos-arm64, r-oldrel-macos-x86_64, r-oldrel-windows-x86_64
These binaries (installable software) and packages are in development.
They may not be fully stable and should be used with caution. We make no claims about them.