Last updated on 2025-10-23 11:50:25 CEST.
Flavor | Version | Tinstall | Tcheck | Ttotal | Status | Flags |
---|---|---|---|---|---|---|
r-devel-linux-x86_64-debian-clang | 1.0.0 | 16.51 | 90.11 | 106.62 | OK | |
r-devel-linux-x86_64-debian-gcc | 1.0.0 | 11.50 | 63.00 | 74.50 | OK | |
r-devel-linux-x86_64-fedora-clang | 1.0.0 | 45.00 | 121.34 | 166.34 | OK | |
r-devel-linux-x86_64-fedora-gcc | 1.0.0 | 50.00 | 123.28 | 173.28 | OK | |
r-devel-windows-x86_64 | 1.0.0 | 22.00 | 120.00 | 142.00 | OK | |
r-patched-linux-x86_64 | 1.0.0 | 15.92 | 83.73 | 99.65 | OK | |
r-release-linux-x86_64 | 1.0.0 | 15.83 | 84.15 | 99.98 | OK | |
r-release-macos-arm64 | 1.0.0 | 8.00 | 44.00 | 52.00 | OK | |
r-release-macos-x86_64 | 1.0.0 | 11.00 | 95.00 | 106.00 | OK | |
r-release-windows-x86_64 | 1.0.0 | 24.00 | 126.00 | 150.00 | OK | |
r-oldrel-macos-arm64 | 1.0.0 | 6.00 | 51.00 | 57.00 | NOTE | |
r-oldrel-macos-x86_64 | 1.0.0 | 11.00 | 99.00 | 110.00 | NOTE | |
r-oldrel-windows-x86_64 | 1.0.0 | 27.00 | 156.00 | 183.00 | NOTE |
Version: 1.0.0
Check: installed package size
Result: NOTE
installed size is 7.3Mb
sub-directories of 1Mb or more:
extdata 5.9Mb
libs 1.0Mb
Flavors: r-oldrel-macos-arm64, r-oldrel-macos-x86_64, r-oldrel-windows-x86_64
These binaries (installable software) and packages are in development.
They may not be fully stable and should be used with caution. We make no claims about them.