Last updated on 2025-02-19 17:51:02 CET.
Flavor | Version | Tinstall | Tcheck | Ttotal | Status | Flags |
---|---|---|---|---|---|---|
r-devel-linux-x86_64-debian-clang | 0.1.0 | 3.39 | 20.61 | 24.00 | NOTE | |
r-devel-linux-x86_64-debian-gcc | 0.1.0 | 2.37 | 16.48 | 18.85 | NOTE | |
r-devel-linux-x86_64-fedora-clang | 0.1.0 | 39.79 | NOTE | |||
r-devel-linux-x86_64-fedora-gcc | 0.1.0 | 36.08 | NOTE | |||
r-devel-macos-arm64 | 0.1.0 | 16.00 | NOTE | |||
r-devel-macos-x86_64 | 0.1.0 | 28.00 | NOTE | |||
r-devel-windows-x86_64 | 0.1.0 | 5.00 | 51.00 | 56.00 | NOTE | |
r-patched-linux-x86_64 | 0.1.0 | 3.57 | 19.59 | 23.16 | NOTE | |
r-release-linux-x86_64 | 0.1.0 | 2.47 | 19.76 | 22.23 | NOTE | |
r-release-macos-arm64 | 0.1.0 | 15.00 | NOTE | |||
r-release-macos-x86_64 | 0.1.0 | 25.00 | NOTE | |||
r-release-windows-x86_64 | 0.1.0 | 4.00 | 43.00 | 47.00 | NOTE | |
r-oldrel-macos-arm64 | 0.1.0 | 16.00 | NOTE | |||
r-oldrel-macos-x86_64 | 0.1.0 | 21.00 | NOTE | |||
r-oldrel-windows-x86_64 | 0.1.0 | 6.00 | 44.00 | 50.00 | NOTE |
Version: 0.1.0
Check: package subdirectories
Result: NOTE
Problems with news in ‘NEWS.md’:
No news entries found.
Flavors: r-devel-linux-x86_64-debian-clang, r-devel-linux-x86_64-debian-gcc, r-devel-linux-x86_64-fedora-clang, r-devel-linux-x86_64-fedora-gcc, r-devel-macos-arm64, r-devel-macos-x86_64, r-devel-windows-x86_64, r-patched-linux-x86_64, r-release-linux-x86_64, r-release-macos-arm64, r-release-macos-x86_64, r-release-windows-x86_64, r-oldrel-macos-arm64, r-oldrel-macos-x86_64, r-oldrel-windows-x86_64
These binaries (installable software) and packages are in development.
They may not be fully stable and should be used with caution. We make no claims about them.