Last updated on 2025-11-11 15:50:45 CET.
| Flavor | Version | Tinstall | Tcheck | Ttotal | Status | Flags |
|---|---|---|---|---|---|---|
| r-devel-linux-x86_64-debian-clang | 0.1.0 | 3.41 | 22.32 | 25.73 | NOTE | |
| r-devel-linux-x86_64-debian-gcc | 0.1.0 | 2.11 | 18.42 | 20.53 | NOTE | |
| r-devel-linux-x86_64-fedora-clang | 0.1.0 | 38.92 | NOTE | |||
| r-devel-linux-x86_64-fedora-gcc | 0.1.0 | 37.37 | NOTE | |||
| r-devel-windows-x86_64 | 0.1.0 | 5.00 | 43.00 | 48.00 | NOTE | |
| r-patched-linux-x86_64 | 0.1.0 | 3.32 | 21.51 | 24.83 | NOTE | |
| r-release-linux-x86_64 | 0.1.0 | 3.24 | 21.54 | 24.78 | NOTE | |
| r-release-macos-arm64 | 0.1.0 | 1.00 | 15.00 | 16.00 | NOTE | |
| r-release-macos-x86_64 | 0.1.0 | 2.00 | 28.00 | 30.00 | NOTE | |
| r-release-windows-x86_64 | 0.1.0 | 4.00 | 42.00 | 46.00 | NOTE | |
| r-oldrel-macos-arm64 | 0.1.0 | 2.00 | 13.00 | 15.00 | NOTE | |
| r-oldrel-macos-x86_64 | 0.1.0 | 2.00 | 23.00 | 25.00 | NOTE | |
| r-oldrel-windows-x86_64 | 0.1.0 | 4.00 | 43.00 | 47.00 | NOTE |
Version: 0.1.0
Check: package subdirectories
Result: NOTE
Problems with news in ‘NEWS.md’:
No news entries found.
Flavors: r-devel-linux-x86_64-debian-clang, r-devel-linux-x86_64-debian-gcc, r-devel-linux-x86_64-fedora-clang, r-devel-linux-x86_64-fedora-gcc, r-devel-windows-x86_64, r-patched-linux-x86_64, r-release-linux-x86_64, r-release-macos-arm64, r-release-macos-x86_64, r-release-windows-x86_64, r-oldrel-macos-arm64, r-oldrel-macos-x86_64, r-oldrel-windows-x86_64
These binaries (installable software) and packages are in development.
They may not be fully stable and should be used with caution. We make no claims about them.