Last updated on 2024-06-22 19:58:14 CEST.
Flavor | Version | Tinstall | Tcheck | Ttotal | Status | Flags |
---|---|---|---|---|---|---|
r-devel-linux-x86_64-debian-clang | 0.1.0 | 49.25 | 32.47 | 81.72 | NOTE | |
r-devel-linux-x86_64-debian-gcc | 0.1.0 | 30.55 | 26.46 | 57.01 | NOTE | |
r-devel-linux-x86_64-fedora-clang | 0.1.0 | 99.20 | NOTE | |||
r-devel-linux-x86_64-fedora-gcc | 0.1.0 | 109.00 | NOTE | |||
r-devel-windows-x86_64 | 0.1.0 | 33.00 | 62.00 | 95.00 | NOTE | |
r-patched-linux-x86_64 | 0.1.0 | 35.37 | 32.86 | 68.23 | NOTE | |
r-release-linux-x86_64 | 0.1.0 | 45.77 | 33.44 | 79.21 | NOTE | |
r-release-macos-arm64 | 0.1.0 | 26.00 | NOTE | |||
r-release-macos-x86_64 | 0.1.0 | 46.00 | NOTE | |||
r-release-windows-x86_64 | 0.1.0 | 33.00 | 66.00 | 99.00 | NOTE | |
r-oldrel-macos-arm64 | 0.1.0 | 31.00 | NOTE | |||
r-oldrel-macos-x86_64 | 0.1.0 | 45.00 | NOTE | |||
r-oldrel-windows-x86_64 | 0.1.0 | 40.00 | 70.00 | 110.00 | NOTE |
Version: 0.1.0
Check: LazyData
Result: NOTE
'LazyData' is specified without a 'data' directory
Flavors: r-devel-linux-x86_64-debian-clang, r-devel-linux-x86_64-debian-gcc, r-devel-linux-x86_64-fedora-clang, r-devel-linux-x86_64-fedora-gcc, r-devel-windows-x86_64, r-patched-linux-x86_64, r-release-linux-x86_64, r-release-macos-arm64, r-release-macos-x86_64, r-release-windows-x86_64, r-oldrel-macos-arm64, r-oldrel-macos-x86_64, r-oldrel-windows-x86_64
Version: 0.1.0
Check: compiled code
Result: NOTE
File ‘rIsing/libs/rIsing.so’:
Found no calls to: ‘R_registerRoutines’, ‘R_useDynamicSymbols’
It is good practice to register native routines and to disable symbol
search.
See ‘Writing portable packages’ in the ‘Writing R Extensions’ manual.
Flavors: r-devel-linux-x86_64-fedora-clang, r-devel-linux-x86_64-fedora-gcc
Version: 0.1.0
Check: installed package size
Result: NOTE
installed size is 13.1Mb
sub-directories of 1Mb or more:
libs 13.0Mb
Flavors: r-release-macos-arm64, r-release-macos-x86_64, r-oldrel-macos-arm64, r-oldrel-macos-x86_64
These binaries (installable software) and packages are in development.
They may not be fully stable and should be used with caution. We make no claims about them.