Last updated on 2025-02-16 08:50:59 CET.
Flavor | Version | Tinstall | Tcheck | Ttotal | Status | Flags |
---|---|---|---|---|---|---|
r-devel-linux-x86_64-debian-clang | 1.0.2 | 12.02 | 111.67 | 123.69 | NOTE | |
r-devel-linux-x86_64-debian-gcc | 1.0.3 | 8.01 | 80.97 | 88.98 | OK | |
r-devel-linux-x86_64-fedora-clang | 1.0.3 | 205.98 | OK | |||
r-devel-linux-x86_64-fedora-gcc | 1.0.2 | 192.91 | NOTE | |||
r-devel-macos-arm64 | 1.0.2 | 62.00 | OK | |||
r-devel-macos-x86_64 | 1.0.3 | 159.00 | OK | |||
r-devel-windows-x86_64 | 1.0.3 | 13.00 | 124.00 | 137.00 | OK | |
r-patched-linux-x86_64 | 1.0.2 | 11.14 | 102.67 | 113.81 | OK | |
r-release-linux-x86_64 | 1.0.3 | 10.90 | 102.92 | 113.82 | OK | |
r-release-macos-arm64 | 1.0.2 | 62.00 | OK | |||
r-release-macos-x86_64 | 1.0.3 | 140.00 | OK | |||
r-release-windows-x86_64 | 1.0.3 | 12.00 | 126.00 | 138.00 | OK | |
r-oldrel-macos-arm64 | 1.0.2 | 72.00 | OK | |||
r-oldrel-macos-x86_64 | 1.0.3 | 119.00 | OK | |||
r-oldrel-windows-x86_64 | 1.0.2 | 16.00 | 148.00 | 164.00 | OK |
Version: 1.0.2
Check: DESCRIPTION meta-information
Result: NOTE
Missing dependency on R >= 4.1.0 because package code uses the pipe
|> or function shorthand \(...) syntax added in R 4.1.0.
File(s) using such syntax:
‘calcOverlap.R’ ‘estEllipse.R’ ‘estMCP.R’ ‘getArea.R’
Flavors: r-devel-linux-x86_64-debian-clang, r-devel-linux-x86_64-fedora-gcc
These binaries (installable software) and packages are in development.
They may not be fully stable and should be used with caution. We make no claims about them.