Last updated on 2025-11-12 12:53:20 CET.
| Flavor | Version | Tinstall | Tcheck | Ttotal | Status | Flags |
|---|---|---|---|---|---|---|
| r-devel-linux-x86_64-debian-clang | 1.3 | 18.51 | 276.99 | 295.50 | OK | |
| r-devel-linux-x86_64-debian-gcc | 1.3 | 12.53 | 183.65 | 196.18 | OK | |
| r-devel-linux-x86_64-fedora-clang | 1.3 | 45.00 | 410.47 | 455.47 | OK | |
| r-devel-linux-x86_64-fedora-gcc | 1.3 | 42.00 | 416.22 | 458.22 | OK | |
| r-devel-windows-x86_64 | 1.3 | 43.00 | 240.00 | 283.00 | OK | |
| r-patched-linux-x86_64 | 1.3 | 18.52 | 261.74 | 280.26 | OK | |
| r-release-linux-x86_64 | 1.3 | 16.39 | 260.53 | 276.92 | OK | |
| r-release-macos-arm64 | 1.3 | 9.00 | 96.00 | 105.00 | OK | |
| r-release-macos-x86_64 | 1.3 | 17.00 | 190.00 | 207.00 | OK | |
| r-release-windows-x86_64 | 1.3 | 43.00 | 240.00 | 283.00 | OK | |
| r-oldrel-macos-arm64 | 1.3 | 9.00 | 91.00 | 100.00 | NOTE | |
| r-oldrel-macos-x86_64 | 1.3 | 13.00 | 141.00 | 154.00 | NOTE | |
| r-oldrel-windows-x86_64 | 1.3 | 53.00 | 322.00 | 375.00 | NOTE |
Version: 1.3
Check: installed package size
Result: NOTE
installed size is 24.7Mb
sub-directories of 1Mb or more:
extdata 24.0Mb
Flavors: r-oldrel-macos-arm64, r-oldrel-macos-x86_64, r-oldrel-windows-x86_64
These binaries (installable software) and packages are in development.
They may not be fully stable and should be used with caution. We make no claims about them.