Last updated on 2025-02-16 08:50:59 CET.
Flavor | Version | Tinstall | Tcheck | Ttotal | Status | Flags |
---|---|---|---|---|---|---|
r-devel-linux-x86_64-debian-clang | 1.3 | 17.03 | 218.63 | 235.66 | OK | |
r-devel-linux-x86_64-debian-gcc | 1.3 | 13.18 | 154.02 | 167.20 | OK | |
r-devel-linux-x86_64-fedora-clang | 1.3 | 381.37 | OK | |||
r-devel-linux-x86_64-fedora-gcc | 1.3 | 375.50 | OK | |||
r-devel-macos-arm64 | 1.3 | 105.00 | OK | |||
r-devel-macos-x86_64 | 1.3 | 207.00 | OK | |||
r-devel-windows-x86_64 | 1.3 | 38.00 | 201.00 | 239.00 | OK | |
r-patched-linux-x86_64 | 1.3 | 16.87 | 206.41 | 223.28 | OK | |
r-release-linux-x86_64 | 1.3 | 18.14 | 205.31 | 223.45 | OK | |
r-release-macos-arm64 | 1.3 | 100.00 | NOTE | |||
r-release-macos-x86_64 | 1.3 | 154.00 | NOTE | |||
r-release-windows-x86_64 | 1.3 | 42.00 | 204.00 | 246.00 | NOTE | |
r-oldrel-macos-arm64 | 1.3 | 86.00 | NOTE | |||
r-oldrel-macos-x86_64 | 1.3 | 147.00 | NOTE | |||
r-oldrel-windows-x86_64 | 1.3 | 50.00 | 245.00 | 295.00 | NOTE |
Version: 1.3
Check: installed package size
Result: NOTE
installed size is 24.7Mb
sub-directories of 1Mb or more:
extdata 24.0Mb
Flavors: r-release-macos-arm64, r-release-macos-x86_64, r-release-windows-x86_64, r-oldrel-macos-arm64, r-oldrel-macos-x86_64, r-oldrel-windows-x86_64
These binaries (installable software) and packages are in development.
They may not be fully stable and should be used with caution. We make no claims about them.