Last updated on 2025-02-16 08:50:59 CET.
Flavor | Version | Tinstall | Tcheck | Ttotal | Status | Flags |
---|---|---|---|---|---|---|
r-devel-linux-x86_64-debian-clang | 0.1.4 | 3.63 | 23.06 | 26.69 | OK | |
r-devel-linux-x86_64-debian-gcc | 0.1.4 | 3.03 | 18.48 | 21.51 | OK | |
r-devel-linux-x86_64-fedora-clang | 0.1.4 | 43.34 | OK | |||
r-devel-linux-x86_64-fedora-gcc | 0.1.4 | 40.62 | OK | |||
r-devel-macos-arm64 | 0.1.4 | 18.00 | OK | |||
r-devel-macos-x86_64 | 0.1.4 | 43.00 | OK | |||
r-devel-windows-x86_64 | 0.1.4 | 7.00 | 47.00 | 54.00 | OK | |
r-patched-linux-x86_64 | 0.1.4 | 3.20 | 22.15 | 25.35 | NOTE | |
r-release-linux-x86_64 | 0.1.4 | 3.21 | 22.26 | 25.47 | NOTE | |
r-release-macos-arm64 | 0.1.4 | 17.00 | NOTE | |||
r-release-macos-x86_64 | 0.1.4 | 43.00 | NOTE | |||
r-release-windows-x86_64 | 0.1.4 | 8.00 | 47.00 | 55.00 | NOTE | |
r-oldrel-macos-arm64 | 0.1.4 | 18.00 | NOTE | |||
r-oldrel-macos-x86_64 | 0.1.4 | 24.00 | NOTE | |||
r-oldrel-windows-x86_64 | 0.1.4 | 8.00 | 48.00 | 56.00 | NOTE |
Version: 0.1.4
Check: LazyData
Result: NOTE
'LazyData' is specified without a 'data' directory
Flavors: r-patched-linux-x86_64, r-release-linux-x86_64, r-release-macos-arm64, r-release-macos-x86_64, r-release-windows-x86_64, r-oldrel-macos-arm64, r-oldrel-macos-x86_64, r-oldrel-windows-x86_64
These binaries (installable software) and packages are in development.
They may not be fully stable and should be used with caution. We make no claims about them.