CRAN Package Check Results for Package rMEA

Last updated on 2025-11-11 15:50:45 CET.

Flavor Version Tinstall Tcheck Ttotal Status Flags
r-devel-linux-x86_64-debian-clang 1.2.2 4.43 48.77 53.20 NOTE
r-devel-linux-x86_64-debian-gcc 1.2.2 3.03 36.78 39.81 NOTE
r-devel-linux-x86_64-fedora-clang 1.2.2 78.10 OK
r-devel-linux-x86_64-fedora-gcc 1.2.2 11.00 67.04 78.04 OK
r-devel-windows-x86_64 1.2.2 6.00 77.00 83.00 OK
r-patched-linux-x86_64 1.2.2 4.36 45.04 49.40 OK
r-release-linux-x86_64 1.2.2 4.08 44.40 48.48 OK
r-release-macos-arm64 1.2.2 2.00 27.00 29.00 OK
r-release-macos-x86_64 1.2.2 4.00 61.00 65.00 OK
r-release-windows-x86_64 1.2.2 6.00 74.00 80.00 OK
r-oldrel-macos-arm64 1.2.2 2.00 24.00 26.00 OK
r-oldrel-macos-x86_64 1.2.2 3.00 60.00 63.00 OK
r-oldrel-windows-x86_64 1.2.2 6.00 77.00 83.00 OK

Check Details

Version: 1.2.2
Check: CRAN incoming feasibility
Result: NOTE Maintainer: ‘Johann R. Kleinbub <johann.kleinbub@gmail.com>’ No Authors@R field in DESCRIPTION. Please add one, modifying Authors@R: c(person(given = c("Johann", "R."), family = "Kleinbub", role = c("aut", "cre"), email = "johann.kleinbub@gmail.com"), person(given = "Fabian", family = "Ramseyer", role = "aut")) as necessary. Flavors: r-devel-linux-x86_64-debian-clang, r-devel-linux-x86_64-debian-gcc

These binaries (installable software) and packages are in development.
They may not be fully stable and should be used with caution. We make no claims about them.