Last updated on 2025-02-16 08:50:59 CET.
Flavor | Version | Tinstall | Tcheck | Ttotal | Status | Flags |
---|---|---|---|---|---|---|
r-devel-linux-x86_64-debian-clang | 1.4.0 | 108.85 | 56.47 | 165.32 | OK | |
r-devel-linux-x86_64-debian-gcc | 1.4.0 | 83.74 | 44.24 | 127.98 | OK | |
r-devel-linux-x86_64-fedora-clang | 1.4.0 | 292.43 | OK | |||
r-devel-linux-x86_64-fedora-gcc | 1.4.0 | 332.88 | OK | |||
r-devel-macos-arm64 | 1.4.0 | 69.00 | OK | |||
r-devel-macos-x86_64 | 1.4.0 | 126.00 | OK | |||
r-devel-windows-x86_64 | 1.4.0 | 114.00 | 98.00 | 212.00 | OK | |
r-patched-linux-x86_64 | 1.4.0 | 112.17 | 58.19 | 170.36 | OK | |
r-release-linux-x86_64 | 1.4.0 | 114.50 | 58.12 | 172.62 | OK | |
r-release-macos-arm64 | 1.4.0 | 69.00 | NOTE | |||
r-release-macos-x86_64 | 1.4.0 | 154.00 | NOTE | |||
r-release-windows-x86_64 | 1.4.0 | 117.00 | 103.00 | 220.00 | OK | |
r-oldrel-macos-arm64 | 1.3.5 | 69.00 | NOTE | |||
r-oldrel-macos-x86_64 | 1.4.0 | 103.00 | NOTE | |||
r-oldrel-windows-x86_64 | 1.4.0 | 146.00 | 119.00 | 265.00 | OK |
Version: 1.4.0
Check: installed package size
Result: NOTE
installed size is 31.3Mb
sub-directories of 1Mb or more:
libs 30.1Mb
Flavors: r-release-macos-arm64, r-release-macos-x86_64, r-oldrel-macos-x86_64
Version: 1.3.5
Check: installed package size
Result: NOTE
installed size is 31.3Mb
sub-directories of 1Mb or more:
libs 30.1Mb
Flavor: r-oldrel-macos-arm64
These binaries (installable software) and packages are in development.
They may not be fully stable and should be used with caution. We make no claims about them.