Last updated on 2025-11-12 18:50:44 CET.
| Flavor | Version | Tinstall | Tcheck | Ttotal | Status | Flags |
|---|---|---|---|---|---|---|
| r-devel-linux-x86_64-debian-clang | 1.4.5 | 106.64 | 59.82 | 166.46 | OK | |
| r-devel-linux-x86_64-debian-gcc | 1.4.5 | 79.44 | 44.12 | 123.56 | OK | |
| r-devel-linux-x86_64-fedora-clang | 1.4.5 | 108.00 | 181.59 | 289.59 | OK | |
| r-devel-linux-x86_64-fedora-gcc | 1.4.5 | 207.00 | 102.91 | 309.91 | OK | |
| r-devel-windows-x86_64 | 1.4.5 | 123.00 | 95.00 | 218.00 | OK | |
| r-patched-linux-x86_64 | 1.4.5 | 118.08 | 61.34 | 179.42 | OK | |
| r-release-linux-x86_64 | 1.4.5 | 116.64 | 61.13 | 177.77 | OK | |
| r-release-macos-arm64 | 1.4.5 | 39.00 | 26.00 | 65.00 | OK | |
| r-release-macos-x86_64 | 1.4.5 | 97.00 | 78.00 | 175.00 | OK | |
| r-release-windows-x86_64 | 1.4.5 | 127.00 | 94.00 | 221.00 | OK | |
| r-oldrel-macos-arm64 | 1.4.5 | 36.00 | 32.00 | 68.00 | NOTE | |
| r-oldrel-macos-x86_64 | 1.4.5 | 93.00 | 83.00 | 176.00 | NOTE | |
| r-oldrel-windows-x86_64 | 1.4.5 | 152.00 | 123.00 | 275.00 | OK |
Version: 1.4.5
Check: installed package size
Result: NOTE
installed size is 31.4Mb
sub-directories of 1Mb or more:
libs 30.2Mb
Flavors: r-oldrel-macos-arm64, r-oldrel-macos-x86_64
These binaries (installable software) and packages are in development.
They may not be fully stable and should be used with caution. We make no claims about them.