Last updated on 2024-07-27 15:50:32 CEST.
Flavor | Version | Tinstall | Tcheck | Ttotal | Status | Flags |
---|---|---|---|---|---|---|
r-devel-linux-x86_64-debian-clang | 1.0.8 | 123.09 | 73.73 | 196.82 | OK | |
r-devel-linux-x86_64-debian-gcc | 1.0.8 | OK | ||||
r-devel-linux-x86_64-fedora-clang | 1.0.8 | 295.22 | OK | |||
r-devel-linux-x86_64-fedora-gcc | 1.0.8 | 300.68 | OK | |||
r-devel-windows-x86_64 | 1.0.8 | 105.00 | 100.00 | 205.00 | OK | |
r-patched-linux-x86_64 | 1.0.8 | OK | ||||
r-release-linux-x86_64 | 1.0.8 | 112.62 | 74.69 | 187.31 | OK | |
r-release-macos-arm64 | 1.0.8 | 60.00 | NOTE | |||
r-release-macos-x86_64 | 1.0.8 | 80.00 | NOTE | |||
r-release-windows-x86_64 | 1.0.8 | 117.00 | 95.00 | 212.00 | OK | |
r-oldrel-macos-arm64 | 1.0.8 | 67.00 | NOTE | |||
r-oldrel-macos-x86_64 | 1.0.8 | 111.00 | NOTE | |||
r-oldrel-windows-x86_64 | 1.0.8 | 128.00 | 115.00 | 243.00 | OK |
Version: 1.0.8
Check: installed package size
Result: NOTE
installed size is 30.9Mb
sub-directories of 1Mb or more:
libs 29.7Mb
Flavors: r-release-macos-arm64, r-release-macos-x86_64, r-oldrel-macos-arm64, r-oldrel-macos-x86_64
These binaries (installable software) and packages are in development.
They may not be fully stable and should be used with caution. We make no claims about them.