CRAN Package Check Results for Package rMultiNet

Last updated on 2025-11-13 23:50:50 CET.

Flavor Version Tinstall Tcheck Ttotal Status Flags
r-devel-linux-x86_64-debian-clang 0.1 12.34 106.90 119.24 NOTE
r-devel-linux-x86_64-debian-gcc 0.1 8.84 77.85 86.69 NOTE
r-devel-linux-x86_64-fedora-clang 0.1 26.00 160.10 186.10 OK
r-devel-linux-x86_64-fedora-gcc 0.1 31.00 145.53 176.53 OK
r-devel-windows-x86_64 0.1 14.00 108.00 122.00 OK
r-patched-linux-x86_64 0.1 11.68 101.89 113.57 OK
r-release-linux-x86_64 0.1 10.93 102.10 113.03 OK
r-release-macos-arm64 0.1 5.00 42.00 47.00 OK
r-release-macos-x86_64 0.1 11.00 90.00 101.00 OK
r-release-windows-x86_64 0.1 13.00 110.00 123.00 OK
r-oldrel-macos-arm64 0.1 5.00 45.00 50.00 OK
r-oldrel-macos-x86_64 0.1 7.00 66.00 73.00 OK
r-oldrel-windows-x86_64 0.1 18.00 136.00 154.00 OK

Check Details

Version: 0.1
Check: CRAN incoming feasibility
Result: NOTE Maintainer: ‘Chenyu Ren <chenyu.ren@connect.polyu.hk>’ The Description field contains Ting Li, Zhongyuan Lyu, Chenyu Ren, Dong Xia (2023) <arXiv:2302.04437>. Please refer to arXiv e-prints via their arXiv DOI <doi:10.48550/arXiv.YYMM.NNNNN>. Flavors: r-devel-linux-x86_64-debian-clang, r-devel-linux-x86_64-debian-gcc

These binaries (installable software) and packages are in development.
They may not be fully stable and should be used with caution. We make no claims about them.