CRAN Package Check Results for Package rMultiNet

Last updated on 2025-07-26 07:50:33 CEST.

Flavor Version Tinstall Tcheck Ttotal Status Flags
r-devel-linux-x86_64-debian-clang 0.1 11.74 97.95 109.69 NOTE
r-devel-linux-x86_64-debian-gcc 0.1 8.76 73.68 82.44 NOTE
r-devel-linux-x86_64-fedora-clang 0.1 177.49 OK
r-devel-linux-x86_64-fedora-gcc 0.1 166.13 OK
r-devel-windows-x86_64 0.1 12.00 112.00 124.00 OK
r-patched-linux-x86_64 0.1 10.10 94.74 104.84 OK
r-release-linux-x86_64 0.1 11.30 95.20 106.50 OK
r-release-macos-arm64 0.1 47.00 OK
r-release-macos-x86_64 0.1 101.00 OK
r-release-windows-x86_64 0.1 12.00 104.00 116.00 OK
r-oldrel-macos-arm64 0.1 50.00 OK
r-oldrel-macos-x86_64 0.1 73.00 OK
r-oldrel-windows-x86_64 0.1 16.00 130.00 146.00 OK

Check Details

Version: 0.1
Check: CRAN incoming feasibility
Result: NOTE Maintainer: ‘Chenyu Ren <chenyu.ren@connect.polyu.hk>’ The Description field contains Ting Li, Zhongyuan Lyu, Chenyu Ren, Dong Xia (2023) <arXiv:2302.04437>. Please refer to arXiv e-prints via their arXiv DOI <doi:10.48550/arXiv.YYMM.NNNNN>. Flavors: r-devel-linux-x86_64-debian-clang, r-devel-linux-x86_64-debian-gcc

These binaries (installable software) and packages are in development.
They may not be fully stable and should be used with caution. We make no claims about them.