CRAN Package Check Results for Package rODE

Last updated on 2025-07-19 21:49:47 CEST.

Flavor Version Tinstall Tcheck Ttotal Status Flags
r-devel-linux-x86_64-debian-clang 0.99.6 4.19 104.64 108.83 OK
r-devel-linux-x86_64-debian-gcc 0.99.6 3.10 72.37 75.47 OK
r-devel-linux-x86_64-fedora-clang 0.99.6 170.34 NOTE
r-devel-linux-x86_64-fedora-gcc 0.99.6 173.50 NOTE
r-devel-windows-x86_64 0.99.6 8.00 117.00 125.00 OK
r-patched-linux-x86_64 0.99.6 5.25 96.76 102.01 OK
r-release-linux-x86_64 0.99.6 4.66 97.62 102.28 OK
r-release-macos-arm64 0.99.6 58.00 OK
r-release-macos-x86_64 0.99.6 113.00 OK
r-release-windows-x86_64 0.99.6 7.00 116.00 123.00 OK
r-oldrel-macos-arm64 0.99.6 57.00 NOTE
r-oldrel-macos-x86_64 0.99.6 89.00 NOTE
r-oldrel-windows-x86_64 0.99.6 6.00 152.00 158.00 NOTE

Check Details

Version: 0.99.6
Check: dependencies in R code
Result: NOTE Namespace in Imports field not imported from: ‘data.table’ All declared Imports should be used. Flavors: r-devel-linux-x86_64-fedora-clang, r-devel-linux-x86_64-fedora-gcc

Version: 0.99.6
Check: LazyData
Result: NOTE 'LazyData' is specified without a 'data' directory Flavors: r-oldrel-macos-arm64, r-oldrel-macos-x86_64, r-oldrel-windows-x86_64

These binaries (installable software) and packages are in development.
They may not be fully stable and should be used with caution. We make no claims about them.