CRAN Package Check Results for Package rPBK

Last updated on 2025-07-26 07:50:33 CEST.

Flavor Version Tinstall Tcheck Ttotal Status Flags
r-devel-linux-x86_64-debian-clang 0.2.5 251.21 249.84 501.05 OK
r-devel-linux-x86_64-debian-gcc 0.2.5 246.42 202.91 449.33 OK
r-devel-linux-x86_64-fedora-clang 0.2.5 868.29 NOTE
r-devel-linux-x86_64-fedora-gcc 0.2.5 930.24 NOTE
r-devel-windows-x86_64 0.2.5 263.00 273.00 536.00 OK
r-patched-linux-x86_64 0.2.5 292.02 287.56 579.58 OK
r-release-linux-x86_64 0.2.5 286.14 222.55 508.69 OK
r-release-macos-arm64 0.2.5 158.00 OK
r-release-macos-x86_64 0.2.5 402.00 OK
r-release-windows-x86_64 0.2.5 273.00 275.00 548.00 OK
r-oldrel-macos-arm64 0.2.5 175.00 NOTE
r-oldrel-macos-x86_64 0.2.5 387.00 NOTE
r-oldrel-windows-x86_64 0.2.5 316.00 337.00 653.00 NOTE

Check Details

Version: 0.2.5
Check: dependencies in R code
Result: NOTE Namespace in Imports field not imported from: ‘rstantools’ All declared Imports should be used. Flavors: r-devel-linux-x86_64-fedora-clang, r-devel-linux-x86_64-fedora-gcc

Version: 0.2.5
Check: installed package size
Result: NOTE installed size is 88.8Mb sub-directories of 1Mb or more: libs 87.7Mb Flavors: r-oldrel-macos-arm64, r-oldrel-macos-x86_64

Version: 0.2.5
Check: for GNU extensions in Makefiles
Result: NOTE GNU make is a SystemRequirements. Flavors: r-oldrel-macos-arm64, r-oldrel-macos-x86_64, r-oldrel-windows-x86_64

These binaries (installable software) and packages are in development.
They may not be fully stable and should be used with caution. We make no claims about them.