Last updated on 2025-05-23 05:52:38 CEST.
Flavor | Version | Tinstall | Tcheck | Ttotal | Status | Flags |
---|---|---|---|---|---|---|
r-devel-linux-x86_64-debian-clang | 0.2.2 | 6.74 | 53.63 | 60.37 | NOTE | |
r-devel-linux-x86_64-debian-gcc | 0.2.2 | 4.88 | 38.53 | 43.41 | NOTE | |
r-devel-linux-x86_64-fedora-clang | 0.2.2 | 93.20 | OK | |||
r-devel-linux-x86_64-fedora-gcc | 0.2.2 | 108.85 | OK | |||
r-devel-windows-x86_64 | 0.2.2 | 9.00 | 70.00 | 79.00 | OK | |
r-patched-linux-x86_64 | 0.2.2 | 4.68 | 49.89 | 54.57 | OK | |
r-release-linux-x86_64 | 0.2.2 | 6.54 | 49.55 | 56.09 | OK | |
r-release-macos-arm64 | 0.2.2 | 33.00 | OK | |||
r-release-macos-x86_64 | 0.2.2 | 58.00 | OK | |||
r-release-windows-x86_64 | 0.2.2 | 8.00 | 86.00 | 94.00 | OK | |
r-oldrel-macos-arm64 | 0.2.2 | 35.00 | NOTE | |||
r-oldrel-macos-x86_64 | 0.2.2 | 85.00 | NOTE | |||
r-oldrel-windows-x86_64 | 0.2.2 | 11.00 | 80.00 | 91.00 | NOTE |
Version: 0.2.2
Check: CRAN incoming feasibility
Result: NOTE
Maintainer: ‘Adam Spannbauer <spannbaueradam@gmail.com>’
No Authors@R field in DESCRIPTION.
Please add one, modifying
Authors@R: person(given = "Adam",
family = "Spannbauer",
role = c("aut", "cre"),
email = "spannbaueradam@gmail.com")
as necessary.
Flavors: r-devel-linux-x86_64-debian-clang, r-devel-linux-x86_64-debian-gcc
Version: 0.2.2
Check: LazyData
Result: NOTE
'LazyData' is specified without a 'data' directory
Flavors: r-oldrel-macos-arm64, r-oldrel-macos-x86_64, r-oldrel-windows-x86_64
These binaries (installable software) and packages are in development.
They may not be fully stable and should be used with caution. We make no claims about them.