CRAN Package Check Results for Package rPanglaoDB

Last updated on 2025-05-01 14:49:21 CEST.

Flavor Version Tinstall Tcheck Ttotal Status Flags
r-devel-linux-x86_64-debian-clang 0.2.1 25.75 182.81 208.56 OK
r-devel-linux-x86_64-debian-gcc 0.2.1 16.65 124.43 141.08 OK
r-devel-linux-x86_64-fedora-clang 0.2.1 348.40 OK
r-devel-linux-x86_64-fedora-gcc 0.2.1 323.72 OK
r-devel-windows-x86_64 0.2.1 23.00 165.00 188.00 OK
r-patched-linux-x86_64 0.2.1 23.03 172.78 195.81 OK
r-release-linux-x86_64 OK
r-release-macos-arm64 0.2.1 90.00 ERROR
r-release-macos-x86_64 0.2.1 451.00 OK
r-release-windows-x86_64 0.2.1 25.00 169.00 194.00 OK
r-oldrel-macos-arm64 0.2.1 94.00 OK
r-oldrel-macos-x86_64 0.2.1 181.00 OK
r-oldrel-windows-x86_64 0.2.1 33.00 210.00 243.00 OK

Check Details

Version: 0.2.1
Check: examples
Result: ERROR Running examples in ‘rPanglaoDB-Ex.R’ failed The error most likely occurred in: > ### Name: getSampleComposition > ### Title: Get the cell-type content for each sample from the panglaoDB > ### database. > ### Aliases: getSampleComposition > > ### ** Examples > > # From PanglaoDB > # https://panglaodb.se/list_clusters_and_cell_types.html?sra=SRA689041&srs=SRS3166675 > > SRS3166675 <- getSampleComposition(srs = 'SRS3166675') Error in curl::curl_download(url, file, quiet = quiet, mode = mode, handle = handle) : Timeout was reached [panglaodb.se]: Resolving timed out after 10002 milliseconds Calls: getSampleComposition ... getSampleList -> <Anonymous> -> <Anonymous> -> raise_libcurl_error Execution halted Flavor: r-release-macos-arm64

These binaries (installable software) and packages are in development.
They may not be fully stable and should be used with caution. We make no claims about them.