Last updated on 2024-07-27 15:50:32 CEST.
Flavor | Version | Tinstall | Tcheck | Ttotal | Status | Flags |
---|---|---|---|---|---|---|
r-devel-linux-x86_64-debian-clang | 1.4.0 | 51.96 | 76.72 | 128.68 | NOTE | |
r-devel-linux-x86_64-debian-gcc | 1.4.0 | NOTE | ||||
r-devel-linux-x86_64-fedora-clang | 1.4.0 | 241.48 | NOTE | |||
r-devel-linux-x86_64-fedora-gcc | 1.4.0 | 215.99 | NOTE | |||
r-devel-windows-x86_64 | 1.4.0 | 56.00 | 93.00 | 149.00 | NOTE | |
r-patched-linux-x86_64 | 1.4.0 | NOTE | ||||
r-release-linux-x86_64 | 1.4.0 | 48.65 | 73.98 | 122.63 | NOTE | |
r-release-macos-arm64 | 1.4.0 | 74.00 | NOTE | |||
r-release-macos-x86_64 | 1.4.0 | 104.00 | NOTE | |||
r-release-windows-x86_64 | 1.4.0 | 69.00 | 95.00 | 164.00 | NOTE | |
r-oldrel-macos-arm64 | 1.4.0 | 77.00 | NOTE | |||
r-oldrel-macos-x86_64 | 1.4.0 | 118.00 | NOTE | |||
r-oldrel-windows-x86_64 | 1.4.0 | 62.00 | 112.00 | 174.00 | NOTE |
Version: 1.4.0
Check: C++ specification
Result: NOTE
Specified C++11: please drop specification unless essential
Flavors: r-devel-linux-x86_64-debian-clang, r-devel-linux-x86_64-debian-gcc, r-devel-linux-x86_64-fedora-clang, r-devel-linux-x86_64-fedora-gcc, r-devel-windows-x86_64, r-patched-linux-x86_64, r-release-linux-x86_64, r-release-macos-arm64, r-release-macos-x86_64, r-release-windows-x86_64, r-oldrel-macos-arm64, r-oldrel-macos-x86_64, r-oldrel-windows-x86_64
Version: 1.4.0
Check: Rd files
Result: NOTE
checkRd: (-1) psel.Rd:83: Lost braces; missing escapes or markup?
83 | For example, a \code{top=1} preference selection on the tuples {(a=1, b=1), (a=1, b=2)}
| ^
Flavors: r-devel-linux-x86_64-debian-clang, r-devel-linux-x86_64-debian-gcc, r-devel-linux-x86_64-fedora-clang, r-devel-linux-x86_64-fedora-gcc, r-devel-windows-x86_64, r-patched-linux-x86_64, r-release-linux-x86_64, r-release-macos-arm64, r-release-macos-x86_64, r-release-windows-x86_64
Version: 1.4.0
Check: for GNU extensions in Makefiles
Result: NOTE
GNU make is a SystemRequirements.
Flavors: r-devel-linux-x86_64-debian-clang, r-devel-linux-x86_64-debian-gcc, r-devel-linux-x86_64-fedora-clang, r-devel-linux-x86_64-fedora-gcc, r-devel-windows-x86_64, r-patched-linux-x86_64, r-release-linux-x86_64, r-release-macos-arm64, r-release-macos-x86_64, r-release-windows-x86_64, r-oldrel-macos-arm64, r-oldrel-macos-x86_64, r-oldrel-windows-x86_64
Version: 1.4.0
Check: Rd cross-references
Result: NOTE
Found the following Rd file(s) with Rd \link{} targets missing package
anchors:
plot_btg.Rd: igraph, igraph.plotting
psel.Rd: group_by
Please provide package anchors for all Rd \link{} targets not in the
package itself and the base packages.
Flavors: r-devel-linux-x86_64-debian-gcc, r-devel-windows-x86_64
These binaries (installable software) and packages are in development.
They may not be fully stable and should be used with caution. We make no claims about them.