Last updated on 2025-05-01 14:49:21 CEST.
Flavor | Version | Tinstall | Tcheck | Ttotal | Status | Flags |
---|---|---|---|---|---|---|
r-devel-linux-x86_64-debian-clang | 1.5 | 3.17 | 28.06 | 31.23 | NOTE | |
r-devel-linux-x86_64-debian-gcc | 1.5 | 2.10 | 21.43 | 23.53 | NOTE | |
r-devel-linux-x86_64-fedora-clang | 1.5 | 51.62 | OK | |||
r-devel-linux-x86_64-fedora-gcc | 1.5 | 45.25 | OK | |||
r-devel-windows-x86_64 | 1.5 | 5.00 | 64.00 | 69.00 | OK | |
r-patched-linux-x86_64 | 1.5 | 3.87 | 26.58 | 30.45 | OK | |
r-release-linux-x86_64 | OK | |||||
r-release-macos-arm64 | 1.5 | 18.00 | OK | |||
r-release-macos-x86_64 | 1.5 | 39.00 | OK | |||
r-release-windows-x86_64 | 1.5 | 4.00 | 68.00 | 72.00 | OK | |
r-oldrel-macos-arm64 | 1.5 | 18.00 | OK | |||
r-oldrel-macos-x86_64 | 1.5 | 30.00 | OK | |||
r-oldrel-windows-x86_64 | 1.5 | 4.00 | 60.00 | 64.00 | OK |
Version: 1.5
Check: CRAN incoming feasibility
Result: NOTE
Maintainer: ‘Martin Zaefferer <martin.zaefferer@gmx.de>’
No Authors@R field in DESCRIPTION.
Please add one, modifying
Authors@R: c(person(given = "Wolfgang",
family = "Konen",
role = "aut",
email = "wolfgang.konen@fh-koeln.de"),
person(given = "Martin",
family = "Zaefferer",
role = c("aut", "cre"),
email = "martin.zaefferer@gmx.de"),
person(given = c("Patrick", "Koch;", "Bug"),
family = "hunting",
role = "aut"),
person(given = c("testing", "by", "Ayodele"),
family = "Fasika",
role = "aut"),
person(given = "Ashwin",
family = "Kumar",
role = "aut"),
person(given = "Prawyn",
family = "Jebakumar",
role = "aut"))
as necessary.
Flavors: r-devel-linux-x86_64-debian-clang, r-devel-linux-x86_64-debian-gcc
These binaries (installable software) and packages are in development.
They may not be fully stable and should be used with caution. We make no claims about them.