CRAN Package Check Results for Package rSHAPE

Last updated on 2025-05-21 21:49:29 CEST.

Flavor Version Tinstall Tcheck Ttotal Status Flags
r-devel-linux-x86_64-debian-clang 0.3.2 9.80 61.60 71.40 NOTE
r-devel-linux-x86_64-debian-gcc 0.3.2 7.01 44.06 51.07 NOTE
r-devel-linux-x86_64-fedora-clang 0.3.2 111.64 OK
r-devel-linux-x86_64-fedora-gcc 0.3.2 111.33 OK
r-devel-windows-x86_64 0.3.2 12.00 92.00 104.00 OK
r-patched-linux-x86_64 0.3.2 8.88 58.46 67.34 OK
r-release-linux-x86_64 0.3.2 9.23 58.46 67.69 OK
r-release-macos-arm64 0.3.2 37.00 OK
r-release-macos-x86_64 0.3.2 65.00 OK
r-release-windows-x86_64 0.3.2 11.00 101.00 112.00 OK
r-oldrel-macos-arm64 0.3.2 28.00 NOTE
r-oldrel-macos-x86_64 0.3.2 44.00 NOTE
r-oldrel-windows-x86_64 0.3.2 14.00 98.00 112.00 NOTE

Additional issues

donttest

Check Details

Version: 0.3.2
Check: CRAN incoming feasibility
Result: NOTE Maintainer: ‘Jonathan Dench <jdenc017@gmail.com>’ No Authors@R field in DESCRIPTION. Please add one, modifying Authors@R: person(given = "Jonathan", family = "Dench", role = c("aut", "cre"), email = "jdenc017@gmail.com") as necessary. Flavors: r-devel-linux-x86_64-debian-clang, r-devel-linux-x86_64-debian-gcc

Version: 0.3.2
Check: LazyData
Result: NOTE 'LazyData' is specified without a 'data' directory Flavors: r-oldrel-macos-arm64, r-oldrel-macos-x86_64, r-oldrel-windows-x86_64

These binaries (installable software) and packages are in development.
They may not be fully stable and should be used with caution. We make no claims about them.