Last updated on 2025-05-08 04:52:17 CEST.
Flavor | Version | Tinstall | Tcheck | Ttotal | Status | Flags |
---|---|---|---|---|---|---|
r-devel-linux-x86_64-debian-clang | 2.5.1 | 31.87 | 196.43 | 228.30 | OK | |
r-devel-linux-x86_64-debian-gcc | 2.5.1 | 21.36 | 130.49 | 151.85 | OK | |
r-devel-linux-x86_64-fedora-clang | 2.5.1 | 378.78 | OK | |||
r-devel-linux-x86_64-fedora-gcc | 2.5.1 | 373.82 | OK | |||
r-devel-windows-x86_64 | 2.5.1 | 31.00 | 188.00 | 219.00 | OK | |
r-patched-linux-x86_64 | 2.5.1 | 27.28 | 182.24 | 209.52 | OK | |
r-release-linux-x86_64 | 2.5.1 | 29.33 | 182.25 | 211.58 | OK | |
r-release-macos-arm64 | 2.5.1 | 97.00 | OK | |||
r-release-macos-x86_64 | 2.5.1 | 164.00 | OK | |||
r-release-windows-x86_64 | 2.5.1 | 31.00 | 184.00 | 215.00 | OK | |
r-oldrel-macos-arm64 | 2.5.1 | 87.00 | NOTE | |||
r-oldrel-macos-x86_64 | 2.5.1 | 203.00 | NOTE | |||
r-oldrel-windows-x86_64 | 2.5.1 | 43.00 | 240.00 | 283.00 | NOTE |
Version: 2.5.1
Check: package dependencies
Result: NOTE
Package suggested but not available for checking: ‘INLA’
Flavors: r-oldrel-macos-arm64, r-oldrel-macos-x86_64
Version: 2.5.1
Check: installed package size
Result: NOTE
installed size is 6.4Mb
sub-directories of 1Mb or more:
R 4.7Mb
help 1.5Mb
Flavors: r-oldrel-macos-arm64, r-oldrel-macos-x86_64, r-oldrel-windows-x86_64
These binaries (installable software) and packages are in development.
They may not be fully stable and should be used with caution. We make no claims about them.