Last updated on 2025-02-16 08:50:59 CET.
Flavor | Version | Tinstall | Tcheck | Ttotal | Status | Flags |
---|---|---|---|---|---|---|
r-devel-linux-x86_64-debian-clang | 2.4.0 | 28.60 | 184.87 | 213.47 | OK | |
r-devel-linux-x86_64-debian-gcc | 2.4.0 | 19.48 | 119.84 | 139.32 | OK | |
r-devel-linux-x86_64-fedora-clang | 2.4.0 | 342.59 | OK | |||
r-devel-linux-x86_64-fedora-gcc | 2.4.0 | 331.35 | OK | |||
r-devel-macos-arm64 | 2.4.0 | 93.00 | OK | |||
r-devel-macos-x86_64 | 2.4.0 | 294.00 | OK | |||
r-devel-windows-x86_64 | 2.4.0 | 31.00 | 179.00 | 210.00 | OK | |
r-patched-linux-x86_64 | 2.4.0 | 28.96 | 169.90 | 198.86 | NOTE | |
r-release-linux-x86_64 | 2.4.0 | 27.69 | 169.71 | 197.40 | NOTE | |
r-release-macos-arm64 | 2.4.0 | 88.00 | NOTE | |||
r-release-macos-x86_64 | 2.4.0 | 192.00 | NOTE | |||
r-release-windows-x86_64 | 2.4.0 | 28.00 | 177.00 | 205.00 | NOTE | |
r-oldrel-macos-arm64 | 2.4.0 | 88.00 | NOTE | |||
r-oldrel-macos-x86_64 | 2.4.0 | 178.00 | NOTE | |||
r-oldrel-windows-x86_64 | 2.4.0 | 37.00 | 220.00 | 257.00 | NOTE |
Version: 2.4.0
Check: package dependencies
Result: NOTE
Package suggested but not available for checking: ‘INLA’
Flavors: r-patched-linux-x86_64, r-release-linux-x86_64, r-release-macos-arm64, r-release-macos-x86_64, r-oldrel-macos-arm64, r-oldrel-macos-x86_64, r-oldrel-windows-x86_64
Version: 2.4.0
Check: installed package size
Result: NOTE
installed size is 6.1Mb
sub-directories of 1Mb or more:
R 4.4Mb
help 1.5Mb
Flavors: r-release-macos-arm64, r-release-macos-x86_64, r-release-windows-x86_64, r-oldrel-macos-arm64, r-oldrel-macos-x86_64, r-oldrel-windows-x86_64
These binaries (installable software) and packages are in development.
They may not be fully stable and should be used with caution. We make no claims about them.