CRAN Package Check Results for Package rSpectral

Last updated on 2025-05-08 04:52:17 CEST.

Flavor Version Tinstall Tcheck Ttotal Status Flags
r-devel-linux-x86_64-debian-clang 1.0.0.10 63.73 44.40 108.13 NOTE
r-devel-linux-x86_64-debian-gcc 1.0.0.10 42.69 35.12 77.81 NOTE
r-devel-linux-x86_64-fedora-clang 1.0.0.10 232.34 NOTE
r-devel-linux-x86_64-fedora-gcc 1.0.0.10 200.05 NOTE
r-devel-windows-x86_64 1.0.0.10 76.00 84.00 160.00 NOTE
r-patched-linux-x86_64 1.0.0.10 60.11 42.56 102.67 NOTE
r-release-linux-x86_64 1.0.0.10 60.68 42.23 102.91 NOTE
r-release-macos-arm64 1.0.0.10 47.00 NOTE
r-release-macos-x86_64 1.0.0.10 67.00 NOTE
r-release-windows-x86_64 1.0.0.10 75.00 87.00 162.00 NOTE
r-oldrel-macos-arm64 1.0.0.10 49.00 NOTE
r-oldrel-macos-x86_64 1.0.0.10 77.00 NOTE
r-oldrel-windows-x86_64 1.0.0.10 88.00 103.00 191.00 NOTE

Additional issues

noSuggests

Check Details

Version: 1.0.0.10
Check: CRAN incoming feasibility
Result: NOTE Maintainer: ‘Anatoly Sorokin <lptolik@gmail.com>’ Package CITATION file contains call(s) to old-style personList() or as.personList(). Please use c() on person objects instead. Package CITATION file contains call(s) to old-style citEntry(). Please use bibentry() instead. Flavors: r-devel-linux-x86_64-debian-clang, r-devel-linux-x86_64-debian-gcc

Version: 1.0.0.10
Check: C++ specification
Result: NOTE Specified C++11: please drop specification unless essential Flavors: r-devel-linux-x86_64-debian-clang, r-devel-linux-x86_64-debian-gcc, r-devel-linux-x86_64-fedora-clang, r-devel-linux-x86_64-fedora-gcc, r-devel-windows-x86_64, r-patched-linux-x86_64, r-release-linux-x86_64, r-release-macos-arm64, r-release-macos-x86_64, r-release-windows-x86_64, r-oldrel-macos-arm64, r-oldrel-macos-x86_64, r-oldrel-windows-x86_64

Version: 1.0.0.10
Check: Rd cross-references
Result: NOTE Found the following Rd file(s) with Rd \link{} targets missing package anchors: rSpectral.Rd: igraph spectral_igraph_communities.Rd: igraph Please provide package anchors for all Rd \link{} targets not in the package itself and the base packages. Flavors: r-devel-linux-x86_64-debian-clang, r-devel-linux-x86_64-debian-gcc, r-devel-windows-x86_64, r-patched-linux-x86_64, r-release-linux-x86_64, r-release-windows-x86_64

These binaries (installable software) and packages are in development.
They may not be fully stable and should be used with caution. We make no claims about them.