Last updated on 2024-07-27 15:50:32 CEST.
Flavor | Version | Tinstall | Tcheck | Ttotal | Status | Flags |
---|---|---|---|---|---|---|
r-devel-linux-x86_64-debian-clang | 1.0.0.10 | 84.93 | 53.17 | 138.10 | NOTE | |
r-devel-linux-x86_64-debian-gcc | 1.0.0.10 | NOTE | ||||
r-devel-linux-x86_64-fedora-clang | 1.0.0.10 | 239.87 | NOTE | |||
r-devel-linux-x86_64-fedora-gcc | 1.0.0.10 | 199.35 | NOTE | |||
r-devel-windows-x86_64 | 1.0.0.10 | 70.00 | 87.00 | 157.00 | NOTE | |
r-patched-linux-x86_64 | 1.0.0.10 | NOTE | ||||
r-release-linux-x86_64 | 1.0.0.10 | 72.33 | 51.06 | 123.39 | NOTE | |
r-release-macos-arm64 | 1.0.0.10 | 49.00 | NOTE | |||
r-release-macos-x86_64 | 1.0.0.10 | 77.00 | NOTE | |||
r-release-windows-x86_64 | 1.0.0.10 | 85.00 | 83.00 | 168.00 | NOTE | |
r-oldrel-macos-arm64 | 1.0.0.10 | 57.00 | NOTE | |||
r-oldrel-macos-x86_64 | 1.0.0.10 | 80.00 | NOTE | |||
r-oldrel-windows-x86_64 | 1.0.0.10 | 81.00 | 98.00 | 179.00 | NOTE |
Version: 1.0.0.10
Check: C++ specification
Result: NOTE
Specified C++11: please drop specification unless essential
Flavors: r-devel-linux-x86_64-debian-clang, r-devel-linux-x86_64-debian-gcc, r-devel-linux-x86_64-fedora-clang, r-devel-linux-x86_64-fedora-gcc, r-devel-windows-x86_64, r-patched-linux-x86_64, r-release-linux-x86_64, r-release-macos-arm64, r-release-macos-x86_64, r-release-windows-x86_64, r-oldrel-macos-arm64, r-oldrel-macos-x86_64, r-oldrel-windows-x86_64
Version: 1.0.0.10
Check: Rd cross-references
Result: NOTE
Found the following Rd file(s) with Rd \link{} targets missing package
anchors:
rSpectral.Rd: igraph
spectral_igraph_communities.Rd: igraph
Please provide package anchors for all Rd \link{} targets not in the
package itself and the base packages.
Flavors: r-devel-linux-x86_64-debian-gcc, r-devel-windows-x86_64
These binaries (installable software) and packages are in development.
They may not be fully stable and should be used with caution. We make no claims about them.