Last updated on 2025-02-16 08:50:59 CET.
Flavor | Version | Tinstall | Tcheck | Ttotal | Status | Flags |
---|---|---|---|---|---|---|
r-devel-linux-x86_64-debian-clang | 0.1.1 | 5.30 | 54.61 | 59.91 | OK | |
r-devel-linux-x86_64-debian-gcc | 0.1.1 | 3.85 | 39.51 | 43.36 | OK | |
r-devel-linux-x86_64-fedora-clang | 0.1.1 | 99.85 | NOTE | |||
r-devel-linux-x86_64-fedora-gcc | 0.1.1 | 107.03 | NOTE | |||
r-devel-macos-arm64 | 0.1.1 | 44.00 | OK | |||
r-devel-macos-x86_64 | 0.1.1 | 104.00 | OK | |||
r-devel-windows-x86_64 | 0.1.1 | 10.00 | 84.00 | 94.00 | OK | |
r-patched-linux-x86_64 | 0.1.1 | 5.60 | 51.39 | 56.99 | OK | |
r-release-linux-x86_64 | 0.1.1 | 5.35 | 52.46 | 57.81 | OK | |
r-release-macos-arm64 | 0.1.1 | 42.00 | OK | |||
r-release-macos-x86_64 | 0.1.1 | 68.00 | OK | |||
r-release-windows-x86_64 | 0.1.1 | 10.00 | 79.00 | 89.00 | OK | |
r-oldrel-macos-arm64 | 0.1.1 | 38.00 | OK | |||
r-oldrel-macos-x86_64 | 0.1.1 | 58.00 | OK | |||
r-oldrel-windows-x86_64 | 0.1.1 | 13.00 | 118.00 | 131.00 | OK |
Version: 0.1.1
Check: dependencies in R code
Result: NOTE
Namespace in Imports field not imported from: ‘readr’
All declared Imports should be used.
Flavors: r-devel-linux-x86_64-fedora-clang, r-devel-linux-x86_64-fedora-gcc
These binaries (installable software) and packages are in development.
They may not be fully stable and should be used with caution. We make no claims about them.