Last updated on 2025-07-02 01:51:49 CEST.
Flavor | Version | Tinstall | Tcheck | Ttotal | Status | Flags |
---|---|---|---|---|---|---|
r-devel-linux-x86_64-debian-clang | 0.1.1 | 5.22 | 58.36 | 63.58 | OK | |
r-devel-linux-x86_64-debian-gcc | 0.1.1 | 3.69 | 42.54 | 46.23 | OK | |
r-devel-linux-x86_64-fedora-clang | 0.1.1 | 97.34 | NOTE | |||
r-devel-linux-x86_64-fedora-gcc | 0.1.1 | 105.86 | NOTE | |||
r-devel-windows-x86_64 | 0.1.1 | 10.00 | 78.00 | 88.00 | OK | |
r-patched-linux-x86_64 | OK | |||||
r-release-linux-x86_64 | 0.1.1 | 5.66 | 52.93 | 58.59 | OK | |
r-release-macos-arm64 | 0.1.1 | 46.00 | OK | |||
r-release-macos-x86_64 | 0.1.1 | 104.00 | OK | |||
r-release-windows-x86_64 | 0.1.1 | 10.00 | 77.00 | 87.00 | OK | |
r-oldrel-macos-arm64 | 0.1.1 | 42.00 | OK | |||
r-oldrel-macos-x86_64 | 0.1.1 | 68.00 | OK | |||
r-oldrel-windows-x86_64 | 0.1.1 | 14.00 | 97.00 | 111.00 | OK |
Version: 0.1.1
Check: dependencies in R code
Result: NOTE
Namespace in Imports field not imported from: ‘readr’
All declared Imports should be used.
Flavors: r-devel-linux-x86_64-fedora-clang, r-devel-linux-x86_64-fedora-gcc
These binaries (installable software) and packages are in development.
They may not be fully stable and should be used with caution. We make no claims about them.