Last updated on 2025-05-01 14:49:21 CEST.
Flavor | Version | Tinstall | Tcheck | Ttotal | Status | Flags |
---|---|---|---|---|---|---|
r-devel-linux-x86_64-debian-clang | 1.0.4 | 4.11 | 626.43 | 630.54 | NOTE | |
r-devel-linux-x86_64-debian-gcc | 1.0.4 | 2.67 | 397.33 | 400.00 | OK | |
r-devel-linux-x86_64-fedora-clang | 1.0.4 | 1057.22 | OK | |||
r-devel-linux-x86_64-fedora-gcc | 1.0.4 | 1004.15 | OK | |||
r-devel-windows-x86_64 | 1.0.4 | 5.00 | 430.00 | 435.00 | OK | |
r-patched-linux-x86_64 | 1.0.4 | 5.00 | 600.45 | 605.45 | OK | |
r-release-linux-x86_64 | OK | |||||
r-release-macos-arm64 | 1.0.4 | 206.00 | OK | |||
r-release-macos-x86_64 | 1.0.4 | 627.00 | OK | |||
r-release-windows-x86_64 | 1.0.4 | 7.00 | 430.00 | 437.00 | OK | |
r-oldrel-macos-arm64 | 1.0.4 | 185.00 | OK | |||
r-oldrel-macos-x86_64 | 1.0.4 | 455.00 | OK | |||
r-oldrel-windows-x86_64 | 1.0.4 | 7.00 | 600.00 | 607.00 | OK |
Version: 1.0.4
Check: examples
Result: NOTE
Examples with CPU (user + system) or elapsed time > 5s
user system elapsed
boatman_2017 12.275 0.114 15.832
sharpeschoolfull_1981 7.108 0.000 9.890
Flavor: r-devel-linux-x86_64-debian-clang
Version: 1.0.4
Check: examples
Result: NA
user system elapsed
boatman_2017 7.873 0.076 10.907
sharpeschoolfull_1981 4.236 0.058 5.175
OK
Flavor: r-devel-linux-x86_64-debian-gcc
These binaries (installable software) and packages are in development.
They may not be fully stable and should be used with caution. We make no claims about them.