Last updated on 2025-11-13 01:50:33 CET.
| Flavor | Version | Tinstall | Tcheck | Ttotal | Status | Flags |
|---|---|---|---|---|---|---|
| r-devel-linux-x86_64-debian-clang | 4.23.1-4 | 115.77 | 145.37 | 261.14 | OK | |
| r-devel-linux-x86_64-debian-gcc | 4.23.1-4 | 88.76 | 97.32 | 186.08 | OK | |
| r-devel-linux-x86_64-fedora-clang | 4.23.1-4 | 245.00 | 221.04 | 466.04 | OK | |
| r-devel-linux-x86_64-fedora-gcc | 4.23.1-4 | 279.00 | 196.50 | 475.50 | OK | |
| r-devel-windows-x86_64 | 4.23.1-4 | 120.00 | 185.00 | 305.00 | OK | |
| r-patched-linux-x86_64 | 4.23.1-4 | 122.17 | 139.43 | 261.60 | OK | |
| r-release-linux-x86_64 | 4.23.1-4 | 122.24 | 138.54 | 260.78 | OK | |
| r-release-macos-arm64 | 4.23.1-4 | 43.00 | 76.00 | 119.00 | OK | |
| r-release-macos-x86_64 | 4.23.1-4 | 70.00 | 151.00 | 221.00 | OK | |
| r-release-windows-x86_64 | 4.23.1-4 | 122.00 | 190.00 | 312.00 | OK | |
| r-oldrel-macos-arm64 | 4.23.1-4 | 41.00 | 68.00 | 109.00 | NOTE | |
| r-oldrel-macos-x86_64 | 4.23.1-4 | 78.00 | 173.00 | 251.00 | NOTE | |
| r-oldrel-windows-x86_64 | 4.23.1-4 | 130.00 | 241.00 | 371.00 | NOTE |
Version: 4.23.1-4
Check: installed package size
Result: NOTE
installed size is 29.9Mb
sub-directories of 1Mb or more:
doc 7.8Mb
libs 21.2Mb
Flavors: r-oldrel-macos-arm64, r-oldrel-macos-x86_64, r-oldrel-windows-x86_64
Version: 4.23.1-4
Check: for GNU extensions in Makefiles
Result: NOTE
GNU make is a SystemRequirements.
Flavors: r-oldrel-macos-arm64, r-oldrel-macos-x86_64, r-oldrel-windows-x86_64
These binaries (installable software) and packages are in development.
They may not be fully stable and should be used with caution. We make no claims about them.