Last updated on 2025-02-16 08:50:59 CET.
Flavor | Version | Tinstall | Tcheck | Ttotal | Status | Flags |
---|---|---|---|---|---|---|
r-devel-linux-x86_64-debian-clang | 2.0.0 | 63.97 | 308.24 | 372.21 | OK | |
r-devel-linux-x86_64-debian-gcc | 2.0.0 | 44.67 | 195.28 | 239.95 | OK | |
r-devel-linux-x86_64-fedora-clang | 2.0.0 | 620.96 | OK | |||
r-devel-linux-x86_64-fedora-gcc | 2.0.0 | 576.17 | OK | |||
r-devel-macos-arm64 | 2.0.0 | 154.00 | OK | |||
r-devel-macos-x86_64 | 2.0.0 | 328.00 | OK | |||
r-devel-windows-x86_64 | 2.0.0 | 59.00 | 258.00 | 317.00 | OK | |
r-patched-linux-x86_64 | 2.0.0 | 63.38 | 290.12 | 353.50 | OK | |
r-release-linux-x86_64 | 2.0.0 | 59.34 | 289.03 | 348.37 | OK | |
r-release-macos-arm64 | 2.0.0 | 150.00 | OK | |||
r-release-macos-x86_64 | 2.0.0 | 235.00 | OK | |||
r-release-windows-x86_64 | 2.0.0 | 59.00 | 255.00 | 314.00 | OK | |
r-oldrel-macos-arm64 | 2.0.0 | 152.00 | NOTE | |||
r-oldrel-macos-x86_64 | 2.0.0 | 438.00 | NOTE | |||
r-oldrel-windows-x86_64 | 2.0.0 | 79.00 | 336.00 | 415.00 | OK |
Version: 2.0.0
Check: installed package size
Result: NOTE
installed size is 5.3Mb
sub-directories of 1Mb or more:
data 5.0Mb
Flavors: r-oldrel-macos-arm64, r-oldrel-macos-x86_64
These binaries (installable software) and packages are in development.
They may not be fully stable and should be used with caution. We make no claims about them.