Last updated on 2025-05-08 04:52:17 CEST.
Flavor | Version | Tinstall | Tcheck | Ttotal | Status | Flags |
---|---|---|---|---|---|---|
r-devel-linux-x86_64-debian-clang | 1.4.0 | 81.04 | 265.40 | 346.44 | OK | |
r-devel-linux-x86_64-debian-gcc | 1.4.0 | 59.41 | 194.02 | 253.43 | OK | |
r-devel-linux-x86_64-fedora-clang | 1.4.0 | 569.80 | OK | |||
r-devel-linux-x86_64-fedora-gcc | 1.4.0 | 597.39 | OK | |||
r-devel-windows-x86_64 | 1.4.0 | 91.00 | 284.00 | 375.00 | OK | |
r-patched-linux-x86_64 | 1.4.0 | 80.28 | 227.94 | 308.22 | OK | |
r-release-linux-x86_64 | 1.4.0 | 87.31 | 225.75 | 313.06 | OK | |
r-release-macos-arm64 | 1.4.0 | 125.00 | OK | |||
r-release-macos-x86_64 | 1.4.0 | 219.00 | OK | |||
r-release-windows-x86_64 | 1.4.0 | 97.00 | 276.00 | 373.00 | OK | |
r-oldrel-macos-arm64 | 1.4.0 | 129.00 | NOTE | |||
r-oldrel-macos-x86_64 | 1.4.0 | 232.00 | NOTE | |||
r-oldrel-windows-x86_64 | 1.4.0 | 115.00 | 352.00 | 467.00 | OK |
Version: 1.4.0
Check: installed package size
Result: NOTE
installed size is 7.6Mb
sub-directories of 1Mb or more:
extdata 1.0Mb
libs 5.3Mb
Flavors: r-oldrel-macos-arm64, r-oldrel-macos-x86_64
These binaries (installable software) and packages are in development.
They may not be fully stable and should be used with caution. We make no claims about them.