Last updated on 2025-11-12 12:53:21 CET.
| Flavor | Version | Tinstall | Tcheck | Ttotal | Status | Flags |
|---|---|---|---|---|---|---|
| r-devel-linux-x86_64-debian-clang | 1.4.0 | 81.83 | 276.40 | 358.23 | OK | |
| r-devel-linux-x86_64-debian-gcc | 1.4.0 | 58.38 | 200.20 | 258.58 | OK | |
| r-devel-linux-x86_64-fedora-clang | 1.4.0 | 206.00 | 381.03 | 587.03 | OK | |
| r-devel-linux-x86_64-fedora-gcc | 1.4.0 | 197.00 | 354.73 | 551.73 | OK | |
| r-devel-windows-x86_64 | 1.4.0 | 98.00 | 294.00 | 392.00 | OK | |
| r-patched-linux-x86_64 | 1.4.0 | 89.38 | 246.63 | 336.01 | OK | |
| r-release-linux-x86_64 | 1.4.0 | 86.43 | 247.43 | 333.86 | OK | |
| r-release-macos-arm64 | 1.4.0 | 30.00 | 95.00 | 125.00 | OK | |
| r-release-macos-x86_64 | 1.4.0 | 31.00 | 188.00 | 219.00 | OK | |
| r-release-windows-x86_64 | 1.4.0 | 97.00 | 287.00 | 384.00 | OK | |
| r-oldrel-macos-arm64 | 1.4.0 | 29.00 | 100.00 | 129.00 | NOTE | |
| r-oldrel-macos-x86_64 | 1.4.0 | 41.00 | 191.00 | 232.00 | NOTE | |
| r-oldrel-windows-x86_64 | 1.4.0 | 116.00 | 380.00 | 496.00 | OK |
Version: 1.4.0
Check: installed package size
Result: NOTE
installed size is 7.6Mb
sub-directories of 1Mb or more:
extdata 1.0Mb
libs 5.3Mb
Flavors: r-oldrel-macos-arm64, r-oldrel-macos-x86_64
These binaries (installable software) and packages are in development.
They may not be fully stable and should be used with caution. We make no claims about them.