CRAN Package Check Results for Package rYoutheria

Last updated on 2025-07-27 01:48:33 CEST.

Flavor Version Tinstall Tcheck Ttotal Status Flags
r-devel-linux-x86_64-debian-clang 1.0.3 3.82 38.50 42.32 NOTE
r-devel-linux-x86_64-debian-gcc 1.0.3 2.88 29.83 32.71 NOTE
r-devel-linux-x86_64-fedora-clang 1.0.3 66.74 OK
r-devel-linux-x86_64-fedora-gcc 1.0.3 76.53 OK
r-devel-windows-x86_64 1.0.3 5.00 62.00 67.00 OK
r-patched-linux-x86_64 1.0.3 4.15 36.49 40.64 OK
r-release-linux-x86_64 1.0.3 4.20 36.28 40.48 OK
r-release-macos-arm64 1.0.3 30.00 OK
r-release-macos-x86_64 1.0.3 92.00 OK
r-release-windows-x86_64 1.0.3 6.00 55.00 61.00 OK
r-oldrel-macos-arm64 1.0.3 24.00 OK
r-oldrel-macos-x86_64 1.0.3 40.00 OK
r-oldrel-windows-x86_64 1.0.3 7.00 65.00 72.00 OK

Check Details

Version: 1.0.3
Check: CRAN incoming feasibility
Result: NOTE Maintainer: ‘Tom August <tomaug@ceh.ac.uk>’ No Authors@R field in DESCRIPTION. Please add one, modifying Authors@R: person(given = "Tom", family = "August", role = c("aut", "cre"), email = "tomaug@ceh.ac.uk") as necessary. Flavors: r-devel-linux-x86_64-debian-clang, r-devel-linux-x86_64-debian-gcc

These binaries (installable software) and packages are in development.
They may not be fully stable and should be used with caution. We make no claims about them.