Last updated on 2025-02-16 08:50:58 CET.
Flavor | Version | Tinstall | Tcheck | Ttotal | Status | Flags |
---|---|---|---|---|---|---|
r-devel-linux-x86_64-debian-clang | 1.0-8 | 8.09 | 70.94 | 79.03 | NOTE | |
r-devel-linux-x86_64-debian-gcc | 1.0-8 | 5.77 | 53.40 | 59.17 | NOTE | |
r-devel-linux-x86_64-fedora-clang | 1.0-8 | 131.40 | NOTE | |||
r-devel-linux-x86_64-fedora-gcc | 1.0-8 | 117.27 | NOTE | |||
r-devel-macos-arm64 | 1.0-8 | 37.00 | NOTE | |||
r-devel-macos-x86_64 | 1.0-8 | 67.00 | NOTE | |||
r-devel-windows-x86_64 | 1.0-8 | 10.00 | 88.00 | 98.00 | NOTE | |
r-patched-linux-x86_64 | 1.0-8 | 8.59 | 67.06 | 75.65 | NOTE | |
r-release-linux-x86_64 | 1.0-8 | 8.60 | 66.07 | 74.67 | NOTE | |
r-release-macos-arm64 | 1.0-8 | 35.00 | NOTE | |||
r-release-macos-x86_64 | 1.0-8 | 52.00 | NOTE | |||
r-release-windows-x86_64 | 1.0-8 | 9.00 | 89.00 | 98.00 | NOTE | |
r-oldrel-macos-arm64 | 1.0-8 | 39.00 | OK | |||
r-oldrel-macos-x86_64 | 1.0-8 | 95.00 | OK | |||
r-oldrel-windows-x86_64 | 1.0-8 | 12.00 | 102.00 | 114.00 | OK |
Version: 1.0-8
Check: Rd files
Result: NOTE
checkRd: (-1) post_RA_fits.Rd:61: Lost braces; missing escapes or markup?
61 | \item{\code{H(po_{bm_{n.bm}}, po_act)}:}{ last benchmark prior bm_{n.bm} inducing the fit \code{fits.bm[[n.bm]]} and actual prior}
| ^
Flavors: r-devel-linux-x86_64-debian-clang, r-devel-linux-x86_64-debian-gcc, r-devel-linux-x86_64-fedora-clang, r-devel-linux-x86_64-fedora-gcc, r-devel-macos-arm64, r-devel-macos-x86_64, r-devel-windows-x86_64, r-patched-linux-x86_64, r-release-linux-x86_64, r-release-macos-arm64, r-release-macos-x86_64, r-release-windows-x86_64
These binaries (installable software) and packages are in development.
They may not be fully stable and should be used with caution. We make no claims about them.