CRAN Package Check Results for Package ra4bayesmeta

Last updated on 2025-10-09 21:50:27 CEST.

Flavor Version Tinstall Tcheck Ttotal Status Flags
r-devel-linux-x86_64-debian-clang 1.0-8 7.48 74.04 81.52 NOTE
r-devel-linux-x86_64-debian-gcc 1.0-8 5.91 54.49 60.40 NOTE
r-devel-linux-x86_64-fedora-clang 1.0-8 124.21 NOTE
r-devel-linux-x86_64-fedora-gcc 1.0-8 119.31 NOTE
r-devel-windows-x86_64 1.0-8 9.00 89.00 98.00 NOTE
r-patched-linux-x86_64 1.0-8 8.60 71.00 79.60 NOTE
r-release-linux-x86_64 1.0-8 8.02 71.21 79.23 NOTE
r-release-macos-arm64 1.0-8 40.00 NOTE
r-release-macos-x86_64 1.0-8 67.00 NOTE
r-release-windows-x86_64 1.0-8 10.00 88.00 98.00 NOTE
r-oldrel-macos-arm64 1.0-8 35.00 NOTE
r-oldrel-macos-x86_64 1.0-8 52.00 NOTE
r-oldrel-windows-x86_64 1.0-8 14.00 108.00 122.00 NOTE

Check Details

Version: 1.0-8
Check: Rd files
Result: NOTE checkRd: (-1) post_RA_fits.Rd:61: Lost braces; missing escapes or markup? 61 | \item{\code{H(po_{bm_{n.bm}}, po_act)}:}{ last benchmark prior bm_{n.bm} inducing the fit \code{fits.bm[[n.bm]]} and actual prior} | ^ Flavors: r-devel-linux-x86_64-debian-clang, r-devel-linux-x86_64-debian-gcc, r-devel-linux-x86_64-fedora-clang, r-devel-linux-x86_64-fedora-gcc, r-devel-windows-x86_64, r-patched-linux-x86_64, r-release-linux-x86_64, r-release-macos-arm64, r-release-macos-x86_64, r-release-windows-x86_64, r-oldrel-macos-arm64, r-oldrel-macos-x86_64, r-oldrel-windows-x86_64

These binaries (installable software) and packages are in development.
They may not be fully stable and should be used with caution. We make no claims about them.