CRAN Package Check Results for Package rabi

Last updated on 2025-02-16 08:50:58 CET.

Flavor Version Tinstall Tcheck Ttotal Status Flags
r-devel-linux-x86_64-debian-clang 1.0.2 3.60 44.65 48.25 OK
r-devel-linux-x86_64-debian-gcc 1.0.2 2.56 34.49 37.05 OK
r-devel-linux-x86_64-fedora-clang 1.0.2 74.12 OK
r-devel-linux-x86_64-fedora-gcc 1.0.2 81.74 OK
r-devel-macos-arm64 1.0.2 33.00 OK
r-devel-macos-x86_64 1.0.2 53.00 OK
r-devel-windows-x86_64 1.0.2 6.00 66.00 72.00 OK
r-patched-linux-x86_64 1.0.2 3.53 42.18 45.71 NOTE
r-release-linux-x86_64 1.0.2 3.43 39.48 42.91 NOTE
r-release-macos-arm64 1.0.2 29.00 NOTE
r-release-macos-x86_64 1.0.2 56.00 NOTE
r-release-windows-x86_64 1.0.2 6.00 60.00 66.00 NOTE
r-oldrel-macos-arm64 1.0.2 30.00 NOTE
r-oldrel-macos-x86_64 1.0.2 46.00 NOTE
r-oldrel-windows-x86_64 1.0.2 6.00 91.00 97.00 NOTE

Check Details

Version: 1.0.2
Check: LazyData
Result: NOTE 'LazyData' is specified without a 'data' directory Flavors: r-patched-linux-x86_64, r-release-linux-x86_64, r-release-macos-arm64, r-release-macos-x86_64, r-release-windows-x86_64, r-oldrel-macos-arm64, r-oldrel-macos-x86_64, r-oldrel-windows-x86_64

These binaries (installable software) and packages are in development.
They may not be fully stable and should be used with caution. We make no claims about them.