Last updated on 2025-07-13 23:48:35 CEST.
Flavor | Version | Tinstall | Tcheck | Ttotal | Status | Flags |
---|---|---|---|---|---|---|
r-devel-linux-x86_64-debian-clang | 1.2.1 | 47.11 | 129.02 | 176.13 | OK | |
r-devel-linux-x86_64-debian-gcc | 1.2.1 | 31.97 | 85.55 | 117.52 | OK | |
r-devel-linux-x86_64-fedora-clang | 1.2.1 | 304.65 | NOTE | |||
r-devel-linux-x86_64-fedora-gcc | 1.2.1 | 289.47 | NOTE | |||
r-devel-windows-x86_64 | 1.2.1 | 57.00 | 143.00 | 200.00 | OK | |
r-patched-linux-x86_64 | 1.2.1 | 46.36 | 120.34 | 166.70 | OK | |
r-release-linux-x86_64 | 1.2.1 | 48.59 | 119.03 | 167.62 | OK | |
r-release-macos-arm64 | 1.2.1 | 81.00 | OK | |||
r-release-macos-x86_64 | 1.2.1 | 194.00 | OK | |||
r-release-windows-x86_64 | 1.2.1 | 58.00 | 145.00 | 203.00 | OK | |
r-oldrel-macos-arm64 | 1.2.1 | 65.00 | OK | |||
r-oldrel-macos-x86_64 | 1.2.1 | 105.00 | OK | |||
r-oldrel-windows-x86_64 | 1.2.1 | 68.00 | 184.00 | 252.00 | OK |
Version: 1.2.1
Check: dependencies in R code
Result: NOTE
Namespace in Imports field not imported from: ‘comat’
All declared Imports should be used.
Flavors: r-devel-linux-x86_64-fedora-clang, r-devel-linux-x86_64-fedora-gcc
These binaries (installable software) and packages are in development.
They may not be fully stable and should be used with caution. We make no claims about them.