Last updated on 2025-05-25 21:48:44 CEST.
Flavor | Version | Tinstall | Tcheck | Ttotal | Status | Flags |
---|---|---|---|---|---|---|
r-devel-linux-x86_64-debian-clang | 1.2.1 | 46.90 | 127.97 | 174.87 | OK | |
r-devel-linux-x86_64-debian-gcc | 1.2.1 | 33.00 | 84.35 | 117.35 | OK | |
r-devel-linux-x86_64-fedora-clang | 1.2.1 | 302.74 | NOTE | |||
r-devel-linux-x86_64-fedora-gcc | 1.2.1 | 320.09 | NOTE | |||
r-devel-windows-x86_64 | 1.2.1 | 59.00 | 148.00 | 207.00 | OK | |
r-patched-linux-x86_64 | 1.2.1 | 46.32 | 118.62 | 164.94 | OK | |
r-release-linux-x86_64 | 1.2.1 | 46.95 | 120.54 | 167.49 | OK | |
r-release-macos-arm64 | 1.2.1 | 81.00 | OK | |||
r-release-macos-x86_64 | 1.2.1 | 194.00 | OK | |||
r-release-windows-x86_64 | 1.2.1 | 58.00 | 143.00 | 201.00 | OK | |
r-oldrel-macos-arm64 | 1.2.1 | 65.00 | OK | |||
r-oldrel-macos-x86_64 | 1.2.1 | 105.00 | OK | |||
r-oldrel-windows-x86_64 | 1.2.1 | 68.00 | 178.00 | 246.00 | OK |
Version: 1.2.1
Check: dependencies in R code
Result: NOTE
Namespace in Imports field not imported from: ‘comat’
All declared Imports should be used.
Flavors: r-devel-linux-x86_64-fedora-clang, r-devel-linux-x86_64-fedora-gcc
These binaries (installable software) and packages are in development.
They may not be fully stable and should be used with caution. We make no claims about them.