Last updated on 2025-10-23 11:50:24 CEST.
Flavor | Version | Tinstall | Tcheck | Ttotal | Status | Flags |
---|---|---|---|---|---|---|
r-devel-linux-x86_64-debian-clang | 1.2.1 | 47.62 | 129.29 | 176.91 | OK | |
r-devel-linux-x86_64-debian-gcc | 1.2.1 | 29.11 | 87.81 | 116.92 | OK | |
r-devel-linux-x86_64-fedora-clang | 1.2.1 | 78.00 | 231.34 | 309.34 | NOTE | |
r-devel-linux-x86_64-fedora-gcc | 1.2.1 | 101.00 | 189.03 | 290.03 | NOTE | |
r-devel-windows-x86_64 | 1.2.1 | 59.00 | 141.00 | 200.00 | OK | |
r-patched-linux-x86_64 | 1.2.1 | 48.40 | 121.12 | 169.52 | OK | |
r-release-linux-x86_64 | 1.2.1 | 47.32 | 121.20 | 168.52 | OK | |
r-release-macos-arm64 | 1.2.1 | 16.00 | 65.00 | 81.00 | OK | |
r-release-macos-x86_64 | 1.2.1 | 21.00 | 173.00 | 194.00 | OK | |
r-release-windows-x86_64 | 1.2.1 | 60.00 | 140.00 | 200.00 | OK | |
r-oldrel-macos-arm64 | 1.2.1 | 16.00 | 49.00 | 65.00 | OK | |
r-oldrel-macos-x86_64 | 1.2.1 | 20.00 | 85.00 | 105.00 | OK | |
r-oldrel-windows-x86_64 | 1.2.1 | 68.00 | 184.00 | 252.00 | OK |
Version: 1.2.1
Check: dependencies in R code
Result: NOTE
Namespace in Imports field not imported from: ‘comat’
All declared Imports should be used.
Flavors: r-devel-linux-x86_64-fedora-clang, r-devel-linux-x86_64-fedora-gcc
These binaries (installable software) and packages are in development.
They may not be fully stable and should be used with caution. We make no claims about them.